Last updated on 2024-03-28 19:48:40 CET.
Flavor | Version | Tinstall | Tcheck | Ttotal | Status | Flags |
---|---|---|---|---|---|---|
r-devel-linux-x86_64-debian-clang | 0.2.0 | 32.97 | 66.56 | 99.53 | NOTE | |
r-devel-linux-x86_64-debian-gcc | 0.2.0 | 27.18 | 49.32 | 76.50 | NOTE | |
r-devel-linux-x86_64-fedora-clang | 0.2.0 | 137.92 | NOTE | |||
r-devel-linux-x86_64-fedora-gcc | 0.2.0 | 144.16 | NOTE | |||
r-devel-windows-x86_64 | 0.2.0 | 28.00 | 87.00 | 115.00 | NOTE | |
r-patched-linux-x86_64 | 0.2.0 | 30.80 | 63.13 | 93.93 | NOTE | |
r-release-linux-x86_64 | 0.2.0 | 30.37 | 62.68 | 93.05 | NOTE | |
r-release-macos-arm64 | 0.2.0 | 54.00 | NOTE | |||
r-release-macos-x86_64 | 0.2.0 | 75.00 | NOTE | |||
r-release-windows-x86_64 | 0.2.0 | 35.00 | 102.00 | 137.00 | NOTE | |
r-oldrel-macos-arm64 | 0.2.0 | 45.00 | OK | |||
r-oldrel-windows-x86_64 | 0.2.0 | 35.00 | 104.00 | 139.00 | OK |
Version: 0.2.0
Check: C++ specification
Result: NOTE
Specified C++11: please drop specification unless essential
Flavors: r-devel-linux-x86_64-debian-clang, r-devel-linux-x86_64-debian-gcc, r-devel-linux-x86_64-fedora-clang, r-devel-linux-x86_64-fedora-gcc, r-devel-windows-x86_64, r-patched-linux-x86_64, r-release-linux-x86_64, r-release-macos-arm64, r-release-macos-x86_64, r-release-windows-x86_64