Last updated on 2024-03-29 07:54:52 CET.
Flavor | Version | Tinstall | Tcheck | Ttotal | Status | Flags |
---|---|---|---|---|---|---|
r-devel-linux-x86_64-debian-clang | 1.3.0 | 119.00 | 869.11 | 988.11 | OK | |
r-devel-linux-x86_64-debian-gcc | 1.3.0 | 90.42 | 612.51 | 702.93 | OK | |
r-devel-linux-x86_64-fedora-clang | 1.3.0 | 1180.13 | NOTE | |||
r-devel-linux-x86_64-fedora-gcc | 1.3.0 | 1275.81 | NOTE | |||
r-devel-windows-x86_64 | 1.3.0 | 87.00 | 641.00 | 728.00 | OK | |
r-patched-linux-x86_64 | 1.3.0 | 114.59 | 870.02 | 984.61 | OK | |
r-release-linux-x86_64 | 1.3.0 | 115.95 | 849.34 | 965.29 | OK | |
r-release-macos-arm64 | 1.3.0 | 285.00 | OK | |||
r-release-macos-x86_64 | 1.3.0 | 455.00 | OK | |||
r-release-windows-x86_64 | 1.3.0 | 105.00 | 817.00 | 922.00 | OK | |
r-oldrel-macos-arm64 | 1.3.0 | 234.00 | OK | |||
r-oldrel-windows-x86_64 | 1.3.0 | 100.00 | 719.00 | 819.00 | OK |
Version: 1.3.0
Check: dependencies in R code
Result: NOTE
Namespace in Imports field not imported from: ‘BH’
All declared Imports should be used.
Flavors: r-devel-linux-x86_64-fedora-clang, r-devel-linux-x86_64-fedora-gcc