Last updated on 2023-05-29 08:55:06 CEST.
Flavor | Version | Tinstall | Tcheck | Ttotal | Status | Flags |
---|---|---|---|---|---|---|
r-devel-linux-x86_64-debian-clang | 1.3.0 | 112.33 | 820.88 | 933.21 | OK | |
r-devel-linux-x86_64-debian-gcc | 1.3.0 | 86.22 | 602.94 | 689.16 | OK | |
r-devel-linux-x86_64-fedora-clang | 1.3.0 | 1197.85 | NOTE | |||
r-devel-linux-x86_64-fedora-gcc | 1.3.0 | 1321.18 | NOTE | |||
r-devel-windows-x86_64 | 1.3.0 | 87.00 | 627.00 | 714.00 | OK | |
r-patched-linux-x86_64 | 1.3.0 | 95.29 | 721.50 | 816.79 | OK | |
r-release-linux-x86_64 | 1.3.0 | 89.66 | 717.19 | 806.85 | OK | |
r-release-macos-arm64 | 1.3.0 | 285.00 | OK | |||
r-release-macos-x86_64 | 1.3.0 | 455.00 | OK | |||
r-release-windows-x86_64 | 1.3.0 | 108.00 | 821.00 | 929.00 | OK | |
r-oldrel-macos-arm64 | 1.3.0 | 234.00 | OK | |||
r-oldrel-macos-x86_64 | 1.3.0 | 312.00 | OK | |||
r-oldrel-windows-x86_64 | 1.3.0 | 99.00 | 735.00 | 834.00 | OK |
Version: 1.3.0
Check: dependencies in R code
Result: NOTE
Namespace in Imports field not imported from: ‘BH’
All declared Imports should be used.
Flavors: r-devel-linux-x86_64-fedora-clang, r-devel-linux-x86_64-fedora-gcc