Last updated on 2024-03-29 07:54:52 CET.
Flavor | Version | Tinstall | Tcheck | Ttotal | Status | Flags |
---|---|---|---|---|---|---|
r-devel-linux-x86_64-debian-clang | 0.10.2 | 18.57 | 332.63 | 351.20 | NOTE | |
r-devel-linux-x86_64-debian-gcc | 0.10.2 | 14.91 | 245.91 | 260.82 | NOTE | |
r-devel-linux-x86_64-fedora-clang | 0.10.2 | 421.98 | NOTE | |||
r-devel-linux-x86_64-fedora-gcc | 0.10.2 | 433.46 | NOTE | |||
r-devel-windows-x86_64 | 0.10.2 | 17.00 | 263.00 | 280.00 | NOTE | |
r-patched-linux-x86_64 | 0.10.2 | 13.63 | 321.77 | 335.40 | NOTE | |
r-release-linux-x86_64 | 0.10.2 | 10.33 | 316.72 | 327.05 | OK | |
r-release-macos-arm64 | 0.10.2 | 148.00 | OK | |||
r-release-macos-x86_64 | 0.10.2 | 255.00 | OK | |||
r-release-windows-x86_64 | 0.10.2 | 21.00 | 331.00 | 352.00 | OK | |
r-oldrel-macos-arm64 | 0.10.2 | 125.00 | OK | |||
r-oldrel-windows-x86_64 | 0.10.2 | 22.00 | 312.00 | 334.00 | OK |
Version: 0.10.2
Check: Rd files
Result: NOTE
checkRd: (-1) cov_holder.Rd:29: Lost braces in \itemize; meant \describe ?
checkRd: (-1) cov_holder.Rd:30: Lost braces in \itemize; meant \describe ?
checkRd: (-1) cov_holder.Rd:31: Lost braces in \itemize; meant \describe ?
checkRd: (-1) cov_holder.Rd:32: Lost braces in \itemize; meant \describe ?
checkRd: (-1) cov_holder.Rd:33: Lost braces in \itemize; meant \describe ?
checkRd: (-1) pk.calc.sparse_auc.Rd:49: Lost braces in \itemize; meant \describe ?
checkRd: (-1) pk.calc.sparse_auc.Rd:50: Lost braces in \itemize; meant \describe ?
checkRd: (-1) pk.calc.sparse_auc.Rd:51: Lost braces in \itemize; meant \describe ?
checkRd: (-1) sparse_auc_weight_linear.Rd:28: Lost braces in \itemize; meant \describe ?
checkRd: (-1) sparse_auc_weight_linear.Rd:29: Lost braces in \itemize; meant \describe ?
checkRd: (-1) sparse_auc_weight_linear.Rd:30: Lost braces in \itemize; meant \describe ?
checkRd: (-1) sparse_mean.Rd:29: Lost braces in \itemize; meant \describe ?
checkRd: (-1) sparse_mean.Rd:30: Lost braces in \itemize; meant \describe ?
checkRd: (-1) time_calc.Rd:19: Lost braces in \itemize; \value handles \item{}{} directly
checkRd: (-1) time_calc.Rd:20: Lost braces in \itemize; \value handles \item{}{} directly
checkRd: (-1) time_calc.Rd:21: Lost braces in \itemize; \value handles \item{}{} directly
checkRd: (-1) time_calc.Rd:22: Lost braces in \itemize; \value handles \item{}{} directly
checkRd: (-1) time_calc.Rd:23: Lost braces in \itemize; \value handles \item{}{} directly
Flavors: r-devel-linux-x86_64-debian-clang, r-devel-linux-x86_64-debian-gcc, r-devel-linux-x86_64-fedora-clang, r-devel-linux-x86_64-fedora-gcc, r-devel-windows-x86_64, r-patched-linux-x86_64