Last updated on 2024-04-20 07:56:17 CEST.
Flavor | Version | Tinstall | Tcheck | Ttotal | Status | Flags |
---|---|---|---|---|---|---|
r-devel-linux-x86_64-debian-clang | 0.1.2 | 26.57 | 1340.83 | 1367.40 | OK | |
r-devel-linux-x86_64-debian-gcc | 0.1.2 | 17.00 | 917.55 | 934.55 | OK | |
r-devel-linux-x86_64-fedora-clang | 0.1.2 | 1327.69 | OK | |||
r-devel-linux-x86_64-fedora-gcc | 0.1.2 | 1439.20 | OK | |||
r-prerel-macos-arm64 | 0.1.2 | 283.00 | NOTE | |||
r-prerel-windows-x86_64 | 0.1.2 | 19.00 | 831.00 | 850.00 | OK | |
r-patched-linux-x86_64 | 0.1.2 | 16.34 | 1407.64 | 1423.98 | OK | |
r-release-linux-x86_64 | 0.1.2 | 14.12 | 1129.32 | 1143.44 | OK | |
r-release-macos-arm64 | 0.1.2 | 342.00 | NOTE | |||
r-release-macos-x86_64 | 0.1.2 | 734.00 | NOTE | |||
r-release-windows-x86_64 | 0.1.2 | 25.00 | 980.00 | 1005.00 | OK | |
r-oldrel-macos-arm64 | 0.1.2 | 219.00 | NOTE | |||
r-oldrel-windows-x86_64 | 0.1.2 | 27.00 | 1004.00 | 1031.00 | OK |
Version: 0.1.2
Check: installed package size
Result: NOTE
installed size is 5.1Mb
sub-directories of 1Mb or more:
data 2.1Mb
doc 2.0Mb
Flavors: r-prerel-macos-arm64, r-release-macos-arm64, r-release-macos-x86_64, r-oldrel-macos-arm64