Last updated on 2023-10-02 20:12:06 CEST.
Flavor | Version | Tinstall | Tcheck | Ttotal | Status | Flags |
---|---|---|---|---|---|---|
r-devel-linux-x86_64-debian-clang | 1.2.13 | 27.72 | 276.38 | 304.10 | OK | |
r-devel-linux-x86_64-debian-gcc | 1.2.13 | 22.23 | 197.73 | 219.96 | OK | |
r-devel-linux-x86_64-fedora-clang | 1.2.13 | 383.62 | OK | |||
r-devel-linux-x86_64-fedora-gcc | 1.2.13 | 362.09 | OK | |||
r-devel-windows-x86_64 | 1.2.13 | 28.00 | 207.00 | 235.00 | OK | |
r-patched-linux-x86_64 | 1.2.13 | 35.60 | 257.58 | 293.18 | OK | |
r-release-linux-x86_64 | 1.2.13 | 27.97 | 262.52 | 290.49 | OK | |
r-release-macos-arm64 | 1.2.13 | 103.00 | OK | |||
r-release-macos-x86_64 | 1.2.13 | 160.00 | NOTE | |||
r-release-windows-x86_64 | 1.2.13 | 35.00 | 268.00 | 303.00 | OK | |
r-oldrel-macos-arm64 | 1.2.13 | 88.00 | OK | |||
r-oldrel-macos-x86_64 | 1.2.13 | 117.00 | OK | |||
r-oldrel-windows-x86_64 | 1.2.13 | 39.00 | 243.00 | 282.00 | OK |
Version: 1.2.13
Check: package dependencies
Result: NOTE
Package suggested but not available for checking: ‘mvSLOUCH’
Flavor: r-release-macos-x86_64