Last updated on 2024-03-28 07:52:57 CET.
Flavor | Version | Tinstall | Tcheck | Ttotal | Status | Flags |
---|---|---|---|---|---|---|
r-devel-linux-x86_64-debian-clang | 2.73.4 | 25.85 | 101.07 | 126.92 | OK | |
r-devel-linux-x86_64-debian-gcc | 2.73.4 | 22.47 | 76.64 | 99.11 | OK | |
r-devel-linux-x86_64-fedora-clang | 2.73.4 | 159.21 | NOTE | |||
r-devel-linux-x86_64-fedora-gcc | 2.73.4 | 171.42 | OK | |||
r-devel-windows-x86_64 | 2.73.4 | 26.00 | 120.00 | 146.00 | NOTE | |
r-patched-linux-x86_64 | 2.73.4 | 28.67 | 98.13 | 126.80 | OK | |
r-release-linux-x86_64 | 2.73.4 | 24.52 | 96.46 | 120.98 | OK | |
r-release-macos-arm64 | 2.73.4 | 54.00 | NOTE | |||
r-release-macos-x86_64 | 2.73.4 | 182.00 | NOTE | |||
r-release-windows-x86_64 | 2.73.4 | 33.00 | 148.00 | 181.00 | NOTE | |
r-oldrel-macos-arm64 | 2.73.4 | 51.00 | NOTE | |||
r-oldrel-windows-x86_64 | 2.73.4 | 30.00 | 142.00 | 172.00 | NOTE |
Version: 2.73.4
Check: installed package size
Result: NOTE
installed size is 5.6Mb
sub-directories of 1Mb or more:
data 2.7Mb
doc 1.1Mb
Flavors: r-devel-linux-x86_64-fedora-clang, r-devel-windows-x86_64, r-release-macos-arm64, r-release-macos-x86_64, r-release-windows-x86_64, r-oldrel-macos-arm64, r-oldrel-windows-x86_64