Last updated on 2024-03-29 07:54:51 CET.
Flavor | Version | Tinstall | Tcheck | Ttotal | Status | Flags |
---|---|---|---|---|---|---|
r-devel-linux-x86_64-debian-clang | 0.1.10 | 40.01 | 182.67 | 222.68 | OK | |
r-devel-linux-x86_64-debian-gcc | 0.1.10 | 23.98 | 135.53 | 159.51 | OK | |
r-devel-linux-x86_64-fedora-clang | 0.1.10 | 286.53 | OK | |||
r-devel-linux-x86_64-fedora-gcc | 0.1.10 | 267.30 | OK | |||
r-devel-windows-x86_64 | 0.1.10 | 31.00 | 167.00 | 198.00 | WARN | |
r-patched-linux-x86_64 | 0.1.10 | 36.89 | 172.29 | 209.18 | OK | |
r-release-linux-x86_64 | 0.1.10 | 27.53 | 176.66 | 204.19 | OK | |
r-release-macos-arm64 | 0.1.10 | 67.00 | OK | |||
r-release-macos-x86_64 | 0.1.10 | 114.00 | OK | |||
r-release-windows-x86_64 | 0.1.10 | 39.00 | 209.00 | 248.00 | OK | |
r-oldrel-macos-arm64 | 0.1.10 | 72.00 | OK | |||
r-oldrel-windows-x86_64 | 0.1.10 | 39.00 | 216.00 | 255.00 | OK |
Version: 0.1.10
Check: whether package can be installed
Result: WARN
Found the following significant warnings:
Warning: package 'dplyr' was built under R version 4.5.0
See 'd:/Rcompile/CRANpkg/local/4.4/PAsso.Rcheck/00install.out' for details.
* used C++ compiler: 'g++.exe (GCC) 13.2.0'
Flavor: r-devel-windows-x86_64