Last updated on 2023-05-30 09:00:42 CEST.
Flavor | Version | Tinstall | Tcheck | Ttotal | Status | Flags |
---|---|---|---|---|---|---|
r-devel-linux-x86_64-debian-clang | 0.1.5 | 3.49 | 56.81 | 60.30 | OK | |
r-devel-linux-x86_64-debian-gcc | 0.1.5 | 2.54 | 44.60 | 47.14 | OK | |
r-devel-linux-x86_64-fedora-clang | 0.1.5 | 75.71 | NOTE | |||
r-devel-linux-x86_64-fedora-gcc | 0.1.5 | 78.56 | NOTE | |||
r-devel-windows-x86_64 | 0.1.5 | 5.00 | 74.00 | 79.00 | OK | |
r-patched-linux-x86_64 | 0.1.5 | 3.94 | 55.12 | 59.06 | OK | |
r-release-linux-x86_64 | 0.1.5 | 3.24 | 55.73 | 58.97 | OK | |
r-release-macos-arm64 | 0.1.5 | 25.00 | OK | |||
r-release-macos-x86_64 | 0.1.5 | 41.00 | OK | |||
r-release-windows-x86_64 | 0.1.5 | 6.00 | 89.00 | 95.00 | OK | |
r-oldrel-macos-arm64 | 0.1.5 | 27.00 | NOTE | |||
r-oldrel-macos-x86_64 | 0.1.5 | 34.00 | NOTE | |||
r-oldrel-windows-x86_64 | 0.1.5 | 6.00 | 81.00 | 87.00 | OK |
Version: 0.1.5
Check: dependencies in R code
Result: NOTE
Namespace in Imports field not imported from: ‘base’
All declared Imports should be used.
Flavors: r-devel-linux-x86_64-fedora-clang, r-devel-linux-x86_64-fedora-gcc, r-oldrel-macos-arm64, r-oldrel-macos-x86_64