Last updated on 2024-04-19 19:50:21 CEST.
Flavor | Version | Tinstall | Tcheck | Ttotal | Status | Flags |
---|---|---|---|---|---|---|
r-devel-linux-x86_64-debian-clang | 1.4.5 | 144.65 | 60.09 | 204.74 | NOTE | |
r-devel-linux-x86_64-debian-gcc | 1.4.5 | NOTE | ||||
r-devel-linux-x86_64-fedora-clang | 1.4.5 | 314.16 | NOTE | |||
r-devel-linux-x86_64-fedora-gcc | 1.4.5 | 320.33 | NOTE | |||
r-prerel-macos-arm64 | 1.4.5 | 58.00 | NOTE | |||
r-prerel-windows-x86_64 | 1.4.5 | 114.00 | 83.00 | 197.00 | NOTE | |
r-patched-linux-x86_64 | 1.4.5 | 141.15 | 55.51 | 196.66 | NOTE | |
r-release-linux-x86_64 | 1.4.5 | 141.18 | 55.23 | 196.41 | NOTE | |
r-release-macos-arm64 | 1.4.5 | 73.00 | NOTE | |||
r-release-macos-x86_64 | 1.4.5 | 120.00 | NOTE | |||
r-release-windows-x86_64 | 1.4.5 | 133.00 | 94.00 | 227.00 | NOTE | |
r-oldrel-macos-arm64 | 1.4.5 | 67.00 | NOTE | |||
r-oldrel-windows-x86_64 | 1.4.5 | 136.00 | 94.00 | 230.00 | OK |
Version: 1.4.5
Check: C++ specification
Result: NOTE
Specified C++11: please drop specification unless essential
Flavors: r-devel-linux-x86_64-debian-clang, r-devel-linux-x86_64-debian-gcc, r-devel-linux-x86_64-fedora-clang, r-devel-linux-x86_64-fedora-gcc, r-prerel-macos-arm64, r-prerel-windows-x86_64, r-patched-linux-x86_64, r-release-linux-x86_64, r-release-macos-arm64, r-release-macos-x86_64, r-release-windows-x86_64
Version: 1.4.5
Check: installed package size
Result: NOTE
installed size is 8.2Mb
sub-directories of 1Mb or more:
libs 8.0Mb
Flavors: r-prerel-macos-arm64, r-release-macos-arm64, r-release-macos-x86_64, r-oldrel-macos-arm64