CRAN Package Check Results for Package NicheBarcoding

Last updated on 2023-09-22 19:54:38 CEST.

Flavor Version Tinstall Tcheck Ttotal Status Flags
r-devel-linux-x86_64-debian-clang 1.0 5.90 433.89 439.79 OK
r-devel-linux-x86_64-debian-gcc 1.0 5.02 302.89 307.91 OK
r-devel-linux-x86_64-fedora-clang 1.0 522.40 NOTE
r-devel-linux-x86_64-fedora-gcc 1.0 538.45 NOTE
r-devel-windows-x86_64 1.0 7.00 292.00 299.00 OK
r-patched-linux-x86_64 1.0 6.64 403.88 410.52 OK
r-release-linux-x86_64 1.0 5.89 401.34 407.23 OK
r-release-macos-arm64 1.0 158.00 OK
r-release-macos-x86_64 1.0 276.00 OK
r-release-windows-x86_64 1.0 9.00 365.00 374.00 OK
r-oldrel-macos-arm64 1.0 154.00 NOTE
r-oldrel-macos-x86_64 1.0 193.00 NOTE
r-oldrel-windows-x86_64 1.0 8.00 352.00 360.00 OK

Check Details

Version: 1.0
Check: dependencies in R code
Result: NOTE
    Namespace in Imports field not imported from: ‘rJava’
     All declared Imports should be used.
Flavors: r-devel-linux-x86_64-fedora-clang, r-devel-linux-x86_64-fedora-gcc, r-oldrel-macos-arm64, r-oldrel-macos-x86_64