Last updated on 2023-12-06 18:52:52 CET.
Flavor | Version | Tinstall | Tcheck | Ttotal | Status | Flags |
---|---|---|---|---|---|---|
r-devel-linux-x86_64-debian-clang | 0.8 | 25.66 | 193.90 | 219.56 | NOTE | --no-vignettes |
r-devel-linux-x86_64-debian-gcc | 0.8 | 19.29 | 138.70 | 157.99 | NOTE | --no-vignettes |
r-devel-linux-x86_64-fedora-clang | 0.8 | 281.00 | NOTE | |||
r-devel-linux-x86_64-fedora-gcc | 0.8 | 262.95 | NOTE | |||
r-devel-windows-x86_64 | 0.8 | 23.00 | 142.00 | 165.00 | NOTE | |
r-patched-linux-x86_64 | 0.8 | 17.02 | 179.33 | 196.35 | NOTE | --no-vignettes |
r-release-linux-x86_64 | 0.8 | 19.68 | 176.76 | 196.44 | NOTE | --no-vignettes |
r-release-macos-arm64 | 0.8 | 78.00 | NOTE | |||
r-release-macos-x86_64 | 0.8 | 125.00 | NOTE | |||
r-release-windows-x86_64 | 0.8 | 29.00 | 176.00 | 205.00 | NOTE | |
r-oldrel-macos-arm64 | 0.8 | 75.00 | OK | |||
r-oldrel-macos-x86_64 | 0.8 | 140.00 | OK | |||
r-oldrel-windows-x86_64 | 0.8 | 31.00 | 175.00 | 206.00 | OK |
Version: 0.8
Flags: --no-vignettes
Check: Rd files
Result: NOTE
checkRd: (-1) NetworkChange.Rd:163: Escaped LaTeX specials: \&
checkRd: (-1) NetworkChangeRobust.Rd:144: Escaped LaTeX specials: \&
checkRd: (-1) NetworkStatic.Rd:142: Escaped LaTeX specials: \&
Flavors: r-devel-linux-x86_64-debian-clang, r-devel-linux-x86_64-debian-gcc, r-patched-linux-x86_64, r-release-linux-x86_64
Version: 0.8
Check: Rd files
Result: NOTE
checkRd: (-1) NetworkChange.Rd:163: Escaped LaTeX specials: \&
checkRd: (-1) NetworkChangeRobust.Rd:144: Escaped LaTeX specials: \&
checkRd: (-1) NetworkStatic.Rd:142: Escaped LaTeX specials: \&
Flavors: r-devel-linux-x86_64-fedora-clang, r-devel-linux-x86_64-fedora-gcc, r-devel-windows-x86_64, r-release-macos-arm64, r-release-macos-x86_64, r-release-windows-x86_64