CRAN Package Check Results for Package NetRep

Last updated on 2023-06-10 08:53:21 CEST.

Flavor Version Tinstall Tcheck Ttotal Status Flags
r-devel-linux-x86_64-debian-clang 1.2.6 159.74 151.39 311.13 NOTE
r-devel-linux-x86_64-debian-gcc 1.2.6 132.61 114.18 246.79 NOTE
r-devel-linux-x86_64-fedora-clang 1.2.6 446.82 NOTE
r-devel-linux-x86_64-fedora-gcc 1.2.6 455.13 NOTE
r-devel-windows-x86_64 1.2.6 128.00 150.00 278.00 NOTE
r-patched-linux-x86_64 1.2.6 140.78 142.30 283.08 NOTE
r-release-linux-x86_64 1.2.6 138.77 142.21 280.98 NOTE
r-release-macos-arm64 1.2.6 119.00 NOTE
r-release-macos-x86_64 1.2.6 189.00 NOTE
r-release-windows-x86_64 1.2.6 162.00 181.00 343.00 NOTE
r-oldrel-macos-arm64 1.2.6 111.00 NOTE
r-oldrel-macos-x86_64 1.2.6 133.00 NOTE
r-oldrel-windows-x86_64 1.2.6 162.00 180.00 342.00 OK

Check Details

Version: 1.2.6
Check: C++ specification
Result: NOTE
     Specified C++11: please drop specification unless essential
Flavors: r-devel-linux-x86_64-debian-clang, r-devel-linux-x86_64-debian-gcc, r-devel-linux-x86_64-fedora-clang, r-devel-linux-x86_64-fedora-gcc, r-devel-windows-x86_64, r-patched-linux-x86_64, r-release-linux-x86_64, r-release-macos-arm64, r-release-macos-x86_64, r-release-windows-x86_64

Version: 1.2.6
Check: installed package size
Result: NOTE
     installed size is 8.4Mb
     sub-directories of 1Mb or more:
     doc 1.4Mb
     libs 6.0Mb
Flavors: r-release-macos-arm64, r-release-macos-x86_64, r-oldrel-macos-arm64, r-oldrel-macos-x86_64