Last updated on 2023-06-09 19:56:30 CEST.
Flavor | Version | Tinstall | Tcheck | Ttotal | Status | Flags |
---|---|---|---|---|---|---|
r-devel-linux-x86_64-debian-clang | 0.2.0.1 | 82.72 | 112.08 | 194.80 | NOTE | |
r-devel-linux-x86_64-debian-gcc | 0.2.0.1 | 70.19 | 85.08 | 155.27 | NOTE | |
r-devel-linux-x86_64-fedora-clang | 0.2.0.1 | 276.25 | NOTE | |||
r-devel-linux-x86_64-fedora-gcc | 0.2.0.1 | 267.43 | NOTE | |||
r-devel-windows-x86_64 | 0.2.0.1 | 65.00 | 161.00 | 226.00 | NOTE | |
r-patched-linux-x86_64 | 0.2.0.1 | 73.04 | 109.38 | 182.42 | NOTE | |
r-release-linux-x86_64 | 0.2.0.1 | 67.88 | 109.39 | 177.27 | NOTE | |
r-release-macos-arm64 | 0.2.0.1 | 71.00 | NOTE | |||
r-release-macos-x86_64 | 0.2.0.1 | 119.00 | NOTE | |||
r-release-windows-x86_64 | 0.2.0.1 | 83.00 | 163.00 | 246.00 | NOTE | |
r-oldrel-macos-arm64 | 0.2.0.1 | 78.00 | OK | |||
r-oldrel-macos-x86_64 | 0.2.0.1 | 87.00 | OK | |||
r-oldrel-windows-x86_64 | 0.2.0.1 | 83.00 | 160.00 | 243.00 | OK |
Version: 0.2.0.1
Check: C++ specification
Result: NOTE
Specified C++11: please drop specification unless essential
Flavors: r-devel-linux-x86_64-debian-clang, r-devel-linux-x86_64-debian-gcc, r-devel-linux-x86_64-fedora-clang, r-devel-linux-x86_64-fedora-gcc, r-devel-windows-x86_64, r-patched-linux-x86_64, r-release-linux-x86_64, r-release-macos-arm64, r-release-macos-x86_64, r-release-windows-x86_64