Last updated on 2023-05-29 20:00:29 CEST.
Flavor | Version | Tinstall | Tcheck | Ttotal | Status | Flags |
---|---|---|---|---|---|---|
r-devel-linux-x86_64-debian-clang | 1.2.1 | 159.16 | 53.93 | 213.09 | NOTE | |
r-devel-linux-x86_64-debian-gcc | 1.2.1 | 121.57 | 40.95 | 162.52 | NOTE | |
r-devel-linux-x86_64-fedora-clang | 1.2.1 | 351.64 | NOTE | |||
r-devel-linux-x86_64-fedora-gcc | 1.2.1 | 336.35 | NOTE | |||
r-devel-windows-x86_64 | 1.2.1 | 127.00 | 83.00 | 210.00 | NOTE | |
r-patched-linux-x86_64 | 1.2.1 | 139.35 | 51.08 | 190.43 | NOTE | |
r-release-linux-x86_64 | 1.2.1 | 129.09 | 51.47 | 180.56 | NOTE | |
r-release-macos-arm64 | 1.2.1 | 78.00 | NOTE | |||
r-release-macos-x86_64 | 1.2.1 | 128.00 | NOTE | |||
r-release-windows-x86_64 | 1.2.1 | 166.00 | 95.00 | 261.00 | NOTE | |
r-oldrel-macos-arm64 | 1.2.1 | 72.00 | NOTE | |||
r-oldrel-macos-x86_64 | 1.2.1 | 132.00 | NOTE | |||
r-oldrel-windows-x86_64 | 1.2.1 | 154.00 | 93.00 | 247.00 | NOTE |
Version: 1.2.1
Check: C++ specification
Result: NOTE
Specified C++11: please drop specification unless essential
Flavors: r-devel-linux-x86_64-debian-clang, r-devel-linux-x86_64-debian-gcc, r-devel-linux-x86_64-fedora-clang, r-devel-linux-x86_64-fedora-gcc, r-devel-windows-x86_64, r-patched-linux-x86_64, r-release-linux-x86_64, r-release-macos-arm64, r-release-macos-x86_64, r-release-windows-x86_64
Version: 1.2.1
Check: LazyData
Result: NOTE
'LazyData' is specified without a 'data' directory
Flavors: r-devel-linux-x86_64-debian-clang, r-devel-linux-x86_64-debian-gcc, r-devel-linux-x86_64-fedora-clang, r-devel-linux-x86_64-fedora-gcc, r-devel-windows-x86_64, r-patched-linux-x86_64, r-release-linux-x86_64, r-release-macos-arm64, r-release-macos-x86_64, r-release-windows-x86_64, r-oldrel-macos-arm64, r-oldrel-macos-x86_64, r-oldrel-windows-x86_64
Version: 1.2.1
Check: for GNU extensions in Makefiles
Result: NOTE
GNU make is a SystemRequirements.
Flavors: r-devel-linux-x86_64-debian-clang, r-devel-linux-x86_64-debian-gcc, r-devel-linux-x86_64-fedora-clang, r-devel-linux-x86_64-fedora-gcc, r-devel-windows-x86_64, r-patched-linux-x86_64, r-release-linux-x86_64, r-release-macos-arm64, r-release-macos-x86_64, r-release-windows-x86_64, r-oldrel-macos-arm64, r-oldrel-macos-x86_64, r-oldrel-windows-x86_64