Last updated on 2024-04-19 19:50:21 CEST.
Flavor | Version | Tinstall | Tcheck | Ttotal | Status | Flags |
---|---|---|---|---|---|---|
r-devel-linux-x86_64-debian-clang | 0.4.0 | 10.22 | 120.42 | 130.64 | NOTE | |
r-devel-linux-x86_64-debian-gcc | 0.4.0 | NOTE | ||||
r-devel-linux-x86_64-fedora-clang | 0.4.0 | 160.38 | NOTE | |||
r-devel-linux-x86_64-fedora-gcc | 0.4.0 | 167.93 | NOTE | |||
r-prerel-macos-arm64 | 0.4.0 | 45.00 | NOTE | |||
r-prerel-windows-x86_64 | 0.4.0 | 12.00 | 104.00 | 116.00 | NOTE | |
r-patched-linux-x86_64 | 0.4.0 | 11.10 | 112.70 | 123.80 | NOTE | |
r-release-linux-x86_64 | 0.4.0 | 12.49 | 114.57 | 127.06 | OK | |
r-release-macos-arm64 | 0.4.0 | 49.00 | OK | |||
r-release-macos-x86_64 | 0.4.0 | 85.00 | OK | |||
r-release-windows-x86_64 | 0.4.0 | 15.00 | 125.00 | 140.00 | OK | |
r-oldrel-macos-arm64 | 0.4.0 | 81.00 | OK | |||
r-oldrel-windows-x86_64 | 0.4.0 | 17.00 | 127.00 | 144.00 | OK |
Version: 0.4.0
Check: Rd files
Result: NOTE
checkRd: (-1) NSAE.Rd:14: Lost braces; missing escapes or markup?
14 | {Maintainer}: Saurav Guha \email{saurav.iasri@gmail.com}
| ^
Flavors: r-devel-linux-x86_64-debian-clang, r-devel-linux-x86_64-debian-gcc, r-devel-linux-x86_64-fedora-clang, r-devel-linux-x86_64-fedora-gcc, r-prerel-macos-arm64, r-prerel-windows-x86_64, r-patched-linux-x86_64