Last updated on 2023-10-01 08:52:05 CEST.
Flavor | Version | Tinstall | Tcheck | Ttotal | Status | Flags |
---|---|---|---|---|---|---|
r-devel-linux-x86_64-debian-clang | 2.7-1 | 8.39 | 185.45 | 193.84 | NOTE | |
r-devel-linux-x86_64-debian-gcc | 2.7-1 | 7.37 | 136.88 | 144.25 | NOTE | |
r-devel-linux-x86_64-fedora-clang | 2.7-1 | 246.63 | NOTE | |||
r-devel-linux-x86_64-fedora-gcc | 2.7-1 | 251.26 | NOTE | |||
r-devel-windows-x86_64 | 2.7-1 | 9.00 | 324.00 | 333.00 | NOTE | |
r-patched-linux-x86_64 | 2.7-1 | 10.21 | 181.75 | 191.96 | OK | |
r-release-linux-x86_64 | 2.7-1 | 7.71 | 182.94 | 190.65 | OK | |
r-release-macos-arm64 | 2.7-1 | 117.00 | OK | |||
r-release-macos-x86_64 | 2.7-1 | 179.00 | OK | |||
r-release-windows-x86_64 | 2.7-1 | 12.00 | 302.00 | 314.00 | OK | |
r-oldrel-macos-arm64 | 2.7-1 | 113.00 | OK | |||
r-oldrel-macos-x86_64 | 2.7-1 | 134.00 | OK | |||
r-oldrel-windows-x86_64 | 2.7-1 | 14.00 | 307.00 | 321.00 | OK |
Version: 2.7-1
Check: Rd \usage sections
Result: NOTE
Objects in \usage without \alias in documentation object 'NMOF-internal':
‘mRU’ ‘mRN’ ‘mcList’ ‘repair1c’
Functions with \usage entries need to have the appropriate \alias
entries, and all their arguments documented.
The \usage entries must correspond to syntactically valid R code.
See chapter ‘Writing R documentation files’ in the ‘Writing R
Extensions’ manual.
Flavors: r-devel-linux-x86_64-debian-clang, r-devel-linux-x86_64-debian-gcc, r-devel-linux-x86_64-fedora-clang, r-devel-linux-x86_64-fedora-gcc, r-devel-windows-x86_64