Last updated on 2023-09-29 08:54:05 CEST.
Flavor | Version | Tinstall | Tcheck | Ttotal | Status | Flags |
---|---|---|---|---|---|---|
r-devel-linux-x86_64-debian-clang | 0.1.2 | 17.01 | 265.92 | 282.93 | NOTE | |
r-devel-linux-x86_64-debian-gcc | 0.1.2 | 14.98 | 182.87 | 197.85 | NOTE | |
r-devel-linux-x86_64-fedora-clang | 0.1.2 | 353.70 | NOTE | |||
r-devel-linux-x86_64-fedora-gcc | 0.1.2 | 344.95 | NOTE | |||
r-devel-windows-x86_64 | 0.1.2 | 16.00 | 212.00 | 228.00 | NOTE | |
r-patched-linux-x86_64 | 0.1.2 | 18.85 | 257.65 | 276.50 | NOTE | |
r-release-linux-x86_64 | 0.1.2 | 14.87 | 257.65 | 272.52 | NOTE | |
r-release-macos-arm64 | 0.1.2 | 105.00 | NOTE | |||
r-release-macos-x86_64 | 0.1.2 | 168.00 | NOTE | |||
r-release-windows-x86_64 | 0.1.2 | 22.00 | 245.00 | 267.00 | NOTE | |
r-oldrel-macos-arm64 | 0.1.2 | 115.00 | NOTE | |||
r-oldrel-macos-x86_64 | 0.1.2 | 131.00 | NOTE | |||
r-oldrel-windows-x86_64 | 0.1.2 | 22.00 | 236.00 | 258.00 | NOTE |
Version: 0.1.2
Check: LazyData
Result: NOTE
'LazyData' is specified without a 'data' directory
Flavors: r-devel-linux-x86_64-debian-clang, r-devel-linux-x86_64-debian-gcc, r-devel-linux-x86_64-fedora-clang, r-devel-linux-x86_64-fedora-gcc, r-devel-windows-x86_64, r-patched-linux-x86_64, r-release-linux-x86_64, r-release-macos-arm64, r-release-macos-x86_64, r-release-windows-x86_64, r-oldrel-macos-arm64, r-oldrel-macos-x86_64, r-oldrel-windows-x86_64