Last updated on 2023-10-04 08:01:44 CEST.
Flavor | Version | Tinstall | Tcheck | Ttotal | Status | Flags |
---|---|---|---|---|---|---|
r-devel-linux-x86_64-debian-clang | 0.2.1 | 28.83 | 373.49 | 402.32 | OK | |
r-devel-linux-x86_64-debian-gcc | 0.2.1 | 21.88 | 277.83 | 299.71 | OK | |
r-devel-linux-x86_64-fedora-clang | 0.2.1 | 481.47 | NOTE | |||
r-devel-linux-x86_64-fedora-gcc | 0.2.1 | 494.05 | NOTE | |||
r-devel-windows-x86_64 | 0.2.1 | 24.00 | 270.00 | 294.00 | NOTE | |
r-patched-linux-x86_64 | 0.2.1 | 27.46 | 361.14 | 388.60 | OK | |
r-release-linux-x86_64 | 0.2.1 | 26.37 | 369.50 | 395.87 | OK | |
r-release-macos-arm64 | 0.2.1 | 143.00 | NOTE | |||
r-release-macos-x86_64 | 0.2.1 | 258.00 | NOTE | |||
r-release-windows-x86_64 | 0.2.1 | 32.00 | 345.00 | 377.00 | NOTE | |
r-oldrel-macos-arm64 | 0.2.1 | 130.00 | NOTE | |||
r-oldrel-macos-x86_64 | 0.2.1 | 220.00 | NOTE | |||
r-oldrel-windows-x86_64 | 0.2.1 | 32.00 | 347.00 | 379.00 | NOTE |
Version: 0.2.1
Check: installed package size
Result: NOTE
installed size is 5.2Mb
sub-directories of 1Mb or more:
doc 4.0Mb
Flavors: r-devel-linux-x86_64-fedora-clang, r-devel-windows-x86_64, r-release-macos-arm64, r-release-macos-x86_64, r-release-windows-x86_64, r-oldrel-macos-arm64, r-oldrel-macos-x86_64, r-oldrel-windows-x86_64
Version: 0.2.1
Check: data for non-ASCII characters
Result: NOTE
Note: found 24 marked UTF-8 strings
Flavors: r-devel-linux-x86_64-fedora-clang, r-devel-linux-x86_64-fedora-gcc, r-oldrel-macos-arm64, r-oldrel-macos-x86_64