Last updated on 2024-04-23 07:51:12 CEST.
Flavor | Version | Tinstall | Tcheck | Ttotal | Status | Flags |
---|---|---|---|---|---|---|
r-devel-linux-x86_64-debian-clang | 0.1.0 | 5.31 | 187.00 | 192.31 | OK | |
r-devel-linux-x86_64-debian-gcc | 0.1.0 | 5.32 | 132.14 | 137.46 | OK | |
r-devel-linux-x86_64-fedora-clang | 0.1.0 | 229.25 | NOTE | |||
r-devel-linux-x86_64-fedora-gcc | 0.1.0 | 234.28 | NOTE | |||
r-prerel-macos-arm64 | 0.1.0 | 61.00 | OK | |||
r-prerel-windows-x86_64 | 0.1.0 | 8.00 | 130.00 | 138.00 | OK | |
r-patched-linux-x86_64 | 0.1.0 | 6.92 | 170.80 | 177.72 | OK | |
r-release-linux-x86_64 | 0.1.0 | 5.74 | 173.54 | 179.28 | OK | |
r-release-macos-arm64 | 0.1.0 | 63.00 | OK | |||
r-release-macos-x86_64 | 0.1.0 | 104.00 | OK | |||
r-release-windows-x86_64 | 0.1.0 | 8.00 | 166.00 | 174.00 | OK | |
r-oldrel-macos-arm64 | 0.1.0 | 41.00 | NOTE | |||
r-oldrel-windows-x86_64 | 0.1.0 | 9.00 | 171.00 | 180.00 | OK |
Version: 0.1.0
Check: dependencies in R code
Result: NOTE
Namespaces in Imports field not imported from:
‘NHSRdatasets’ ‘grid’ ‘utils’
All declared Imports should be used.
Flavors: r-devel-linux-x86_64-fedora-clang, r-devel-linux-x86_64-fedora-gcc, r-oldrel-macos-arm64