CRAN Package Check Results for Package NHSRdatasets

Last updated on 2023-05-27 19:56:31 CEST.

Flavor Version Tinstall Tcheck Ttotal Status Flags
r-devel-linux-x86_64-debian-clang 0.3.0 2.18 86.73 88.91 OK
r-devel-linux-x86_64-debian-gcc 0.3.0 1.80 65.51 67.31 OK
r-devel-linux-x86_64-fedora-clang 0.3.0 111.87 NOTE
r-devel-linux-x86_64-fedora-gcc 0.3.0 124.53 NOTE
r-devel-windows-x86_64 0.3.0 3.00 90.00 93.00 OK
r-patched-linux-x86_64 0.3.0 1.76 82.25 84.01 OK
r-release-linux-x86_64 0.3.0 1.93 82.42 84.35 OK
r-release-macos-arm64 0.3.0 48.00 OK
r-release-macos-x86_64 0.3.0 69.00 OK
r-release-windows-x86_64 0.3.0 5.00 104.00 109.00 OK
r-oldrel-macos-arm64 0.3.0 32.00 NOTE
r-oldrel-macos-x86_64 0.3.0 46.00 NOTE
r-oldrel-windows-x86_64 0.3.0 4.00 104.00 108.00 OK

Check Details

Version: 0.3.0
Check: dependencies in R code
Result: NOTE
    Namespace in Imports field not imported from: ‘tibble’
     All declared Imports should be used.
Flavors: r-devel-linux-x86_64-fedora-clang, r-devel-linux-x86_64-fedora-gcc, r-oldrel-macos-arm64, r-oldrel-macos-x86_64