Last updated on 2024-04-24 07:57:47 CEST.
Flavor | Version | Tinstall | Tcheck | Ttotal | Status | Flags |
---|---|---|---|---|---|---|
r-devel-linux-x86_64-debian-clang | 1.2.1 | 5.59 | 154.31 | 159.90 | OK | |
r-devel-linux-x86_64-debian-gcc | 1.2.1 | 3.44 | 93.45 | 96.89 | OK | |
r-devel-linux-x86_64-fedora-clang | 1.2.1 | 173.52 | NOTE | |||
r-devel-linux-x86_64-fedora-gcc | 1.2.1 | 176.00 | NOTE | |||
r-prerel-macos-arm64 | 1.2.1 | 107.00 | OK | |||
r-prerel-windows-x86_64 | 1.2.1 | 4.00 | 119.00 | 123.00 | OK | |
r-patched-linux-x86_64 | 1.2.1 | 3.44 | 127.77 | 131.21 | OK | |
r-release-linux-x86_64 | 1.2.1 | 4.60 | 117.16 | 121.76 | OK | |
r-release-macos-arm64 | 1.2.1 | 48.00 | OK | |||
r-release-macos-x86_64 | 1.2.1 | 76.00 | OK | |||
r-release-windows-x86_64 | 1.2.1 | 6.00 | 121.00 | 127.00 | OK | |
r-oldrel-macos-arm64 | 1.2.1 | 43.00 | NOTE | |||
r-oldrel-windows-x86_64 | 1.2.1 | 6.00 | 115.00 | 121.00 | OK |
Version: 1.2.1
Check: dependencies in R code
Result: NOTE
Namespaces in Imports field not imported from:
‘Rdpack’ ‘curl’ ‘mathjaxr’
All declared Imports should be used.
Flavors: r-devel-linux-x86_64-fedora-clang, r-devel-linux-x86_64-fedora-gcc, r-oldrel-macos-arm64