Last updated on 2023-10-01 08:52:04 CEST.
Flavor | Version | Tinstall | Tcheck | Ttotal | Status | Flags |
---|---|---|---|---|---|---|
r-devel-linux-x86_64-debian-clang | 1.2.0 | 4.21 | 49.81 | 54.02 | OK | |
r-devel-linux-x86_64-debian-gcc | 1.2.0 | 4.03 | 37.51 | 41.54 | OK | |
r-devel-linux-x86_64-fedora-clang | 1.2.0 | 67.29 | NOTE | |||
r-devel-linux-x86_64-fedora-gcc | 1.2.0 | 68.56 | OK | |||
r-devel-windows-x86_64 | 1.2.0 | 8.00 | 75.00 | 83.00 | OK | |
r-patched-linux-x86_64 | 1.2.0 | 5.90 | 48.65 | 54.55 | OK | |
r-release-linux-x86_64 | 1.2.0 | 6.10 | 48.09 | 54.19 | OK | |
r-release-macos-arm64 | 1.2.0 | 33.00 | OK | |||
r-release-macos-x86_64 | 1.2.0 | 44.00 | OK | |||
r-release-windows-x86_64 | 1.2.0 | 5.00 | 80.00 | 85.00 | OK | |
r-oldrel-macos-arm64 | 1.2.0 | 31.00 | OK | |||
r-oldrel-macos-x86_64 | 1.2.0 | 48.00 | OK | |||
r-oldrel-windows-x86_64 | 1.2.0 | 11.00 | 77.00 | 88.00 | OK |
Version: 1.2.0
Check: Rd cross-references
Result: NOTE
Undeclared package ‘reader’ in Rd xrefs
Flavor: r-devel-linux-x86_64-fedora-clang