CRAN Package Check Results for Package NBAloveR

Last updated on 2023-12-03 07:52:03 CET.

Flavor Version Tinstall Tcheck Ttotal Status Flags
r-devel-linux-x86_64-debian-clang 0.1.3.3 2.19 27.82 30.01 OK
r-devel-linux-x86_64-debian-gcc 0.1.3.3 2.24 21.43 23.67 OK
r-devel-linux-x86_64-fedora-clang 0.1.3.3 38.53 NOTE
r-devel-linux-x86_64-fedora-gcc 0.1.3.3 48.00 NOTE
r-devel-windows-x86_64 0.1.3.3 5.00 45.00 50.00 OK
r-patched-linux-x86_64 0.1.3.3 1.84 26.52 28.36 OK
r-release-linux-x86_64 0.1.3.3 1.71 26.69 28.40 OK
r-release-macos-arm64 0.1.3.3 24.00 OK
r-release-macos-x86_64 0.1.3.3 35.00 OK
r-release-windows-x86_64 0.1.3.3 5.00 49.00 54.00 OK
r-oldrel-macos-arm64 0.1.3.3 16.00 NOTE
r-oldrel-macos-x86_64 0.1.3.3 29.00 NOTE
r-oldrel-windows-x86_64 0.1.3.3 4.00 50.00 54.00 OK

Check Details

Version: 0.1.3.3
Check: data for non-ASCII characters
Result: NOTE Note: found 140 marked UTF-8 strings Flavors: r-devel-linux-x86_64-fedora-clang, r-devel-linux-x86_64-fedora-gcc, r-oldrel-macos-arm64, r-oldrel-macos-x86_64