Last updated on 2024-03-29 07:54:49 CET.
Flavor | Version | Tinstall | Tcheck | Ttotal | Status | Flags |
---|---|---|---|---|---|---|
r-devel-linux-x86_64-debian-clang | 0.4.2 | 37.82 | 456.07 | 493.89 | NOTE | |
r-devel-linux-x86_64-debian-gcc | 0.4.2 | 33.20 | 345.05 | 378.25 | NOTE | |
r-devel-linux-x86_64-fedora-clang | 0.4.2 | 713.99 | NOTE | |||
r-devel-linux-x86_64-fedora-gcc | 0.4.2 | 681.78 | NOTE | |||
r-devel-windows-x86_64 | 0.4.2 | 33.00 | 397.00 | 430.00 | NOTE | |
r-patched-linux-x86_64 | 0.4.2 | 42.41 | 428.64 | 471.05 | NOTE | |
r-release-linux-x86_64 | 0.4.2 | 36.62 | 433.76 | 470.38 | OK | |
r-release-macos-arm64 | 0.4.2 | 188.00 | OK | |||
r-release-macos-x86_64 | 0.4.2 | 273.00 | OK | |||
r-release-windows-x86_64 | 0.4.2 | 41.00 | 497.00 | 538.00 | OK | |
r-oldrel-macos-arm64 | 0.4.2 | 160.00 | NOTE | |||
r-oldrel-windows-x86_64 | 0.4.2 | 45.00 | 489.00 | 534.00 | OK |
Version: 0.4.2
Check: Rd files
Result: NOTE
checkRd: (-1) PipeOpMice.Rd:33: Lost braces; missing escapes or markup?
33 | set of methods to chose. Avalible methods {"pmm", "midastouch", "sample", "cart", "rf"} Default 'pmm'. If seted on NULL this methods are used predictive mean matching (numeric data) logreg, logistic regression imputation (binary data, factor with 2 levels) polyreg, polytomous regression imputation for unordered categorical data (factor > 2 levels) polr, proportional odds model for (ordered, > 2 levels).
| ^
Flavors: r-devel-linux-x86_64-debian-clang, r-devel-linux-x86_64-debian-gcc, r-devel-linux-x86_64-fedora-clang, r-devel-linux-x86_64-fedora-gcc, r-devel-windows-x86_64, r-patched-linux-x86_64
Version: 0.4.2
Check: dependencies in R code
Result: NOTE
Namespaces in Imports field not imported from:
‘glmnet’ ‘mlr3learners’ ‘rpart’
All declared Imports should be used.
Flavors: r-devel-linux-x86_64-fedora-clang, r-devel-linux-x86_64-fedora-gcc, r-oldrel-macos-arm64