Last updated on 2024-04-18 20:55:53 CEST.
Flavor | Version | Tinstall | Tcheck | Ttotal | Status | Flags |
---|---|---|---|---|---|---|
r-devel-linux-x86_64-debian-clang | 1.0.3 | 83.51 | 69.48 | 152.99 | OK | |
r-devel-linux-x86_64-debian-gcc | 1.0.3 | 73.60 | 51.88 | 125.48 | OK | |
r-prerel-macos-arm64 | 1.0.3 | 49.00 | NOTE | |||
r-prerel-macos-x86_64 | 1.0.3 | 110.00 | NOTE | |||
r-prerel-windows-x86_64 | 1.0.3 | 73.00 | 86.00 | 159.00 | OK | |
r-patched-linux-x86_64 | 1.0.3 | 89.85 | 65.03 | 154.88 | OK | |
r-release-linux-x86_64 | 1.0.3 | 99.35 | 68.94 | 168.29 | OK | |
r-release-macos-arm64 | 1.0.3 | 54.00 | NOTE | |||
r-release-macos-x86_64 | 1.0.3 | 96.00 | NOTE | |||
r-release-windows-x86_64 | 1.0.3 | 98.00 | 106.00 | 204.00 | OK | |
r-oldrel-macos-arm64 | 1.0.3 | 61.00 | NOTE | |||
r-oldrel-windows-x86_64 | 1.0.3 | 92.00 | 105.00 | 197.00 | OK |
Version: 1.0.3
Check: installed package size
Result: NOTE
installed size is 5.7Mb
sub-directories of 1Mb or more:
libs 5.6Mb
Flavors: r-prerel-macos-arm64, r-prerel-macos-x86_64, r-release-macos-arm64, r-release-macos-x86_64, r-oldrel-macos-arm64