CRAN Package Check Results for Package MultBiplotR

Last updated on 2023-09-20 19:54:48 CEST.

Flavor Version Tinstall Tcheck Ttotal Status Flags
r-devel-linux-x86_64-debian-clang 1.3.30 41.65 285.54 327.19 NOTE
r-devel-linux-x86_64-debian-gcc 1.3.30 36.74 213.12 249.86 NOTE
r-devel-linux-x86_64-fedora-clang 1.3.30 400.75 NOTE
r-devel-linux-x86_64-fedora-gcc 1.3.30 415.63 NOTE
r-devel-windows-x86_64 1.3.30 38.00 267.00 305.00 NOTE
r-patched-linux-x86_64 1.3.30 42.67 272.11 314.78 NOTE
r-release-linux-x86_64 1.3.30 44.61 279.39 324.00 NOTE
r-release-macos-arm64 1.3.30 97.00 NOTE
r-release-macos-x86_64 1.3.30 164.00 NOTE
r-release-windows-x86_64 1.3.30 48.00 327.00 375.00 NOTE
r-oldrel-macos-arm64 1.3.30 86.00 NOTE
r-oldrel-macos-x86_64 1.3.30 157.00 NOTE
r-oldrel-windows-x86_64 1.3.30 49.00 320.00 369.00 OK

Check Details

Version: 1.3.30
Check: Rd files
Result: NOTE
    checkRd: (-1) MultBiplotR-package.Rd:50: Escaped LaTeX specials: \&
    checkRd: (-1) MultBiplotR-package.Rd:52: Escaped LaTeX specials: \&
Flavors: r-devel-linux-x86_64-debian-clang, r-devel-linux-x86_64-debian-gcc, r-devel-linux-x86_64-fedora-clang, r-devel-linux-x86_64-fedora-gcc, r-devel-windows-x86_64, r-patched-linux-x86_64, r-release-linux-x86_64, r-release-macos-arm64, r-release-macos-x86_64, r-release-windows-x86_64

Version: 1.3.30
Check: Rd contents
Result: NOTE
    Argument items with no description in Rd object 'BinaryLogBiplotJoint':
     ‘lambda’
    Argument items with no description in Rd object 'ConstrainedOrdinalLogisticBiplot':
     ‘show’
    Argument items with no description in Rd object 'ContinuousProximities':
     ‘ysup’
    Argument items with no description in Rd object 'Multiquad':
     ‘nnodes’ ‘dims’
    Argument items with no description in Rd object 'PLSR1Bin':
     ‘grouping’
    Argument items with no description in Rd object 'Unfolding':
     ‘lambda’ ‘omega’ ‘plot’
    Argument items with no description in Rd object 'plot.CCA.sol':
     ‘x’ ‘A1’ ‘A2’ ‘ShowAxis’ ‘margin’ ‘PlotSites’ ‘PlotSpecies’ ‘PlotEnv’
     ‘LabelSites’ ‘LabelSpecies’ ‘LabelEnv’ ‘TypeSites’ ‘SpeciesQuality’
     ‘MinQualityVars’ ‘dp’ ‘pr’ ‘PlotAxis’ ‘TypeScale’ ‘ValuesScale’
     ‘mode’ ‘CexSites’ ‘CexSpecies’ ‘CexVar’ ‘ColorSites’ ‘ColorSpecies’
     ‘ColorVar’ ‘PchSites’ ‘PchSpecies’ ‘PchVar’ ‘SizeQualSites’
     ‘SizeQualSpecies’ ‘SizeQualVars’ ‘ColorQualSites’ ‘ColorQualSpecies’
     ‘ColorQualVars’ ‘SmartLabels’
    Argument items with no description in Rd object 'plot.CanonicalDistanceAnalysis':
     ‘SmartLabels’
    Argument items with no description in Rd object 'plot.Principal.Coordinates':
     ‘ShowAxis’ ‘PlotBinaryMeans’ ‘MinIncidence’ ‘ShowBox’
     ‘ColorSupContVars’ ‘ColorSupBinVars’ ‘ColorSupOrdVars’ ‘TypeScale’
     ‘SupMode’ ‘PlotSupVars’
    Argument items with no description in Rd object 'plot.Unfolding':
     ‘SpeciesQuality’ ‘dp’ ‘PlotAxis’ ‘TypeScale’ ‘ValuesScale’ ‘mode’
     ‘CexSites’ ‘CexSpecies’ ‘CexVar’ ‘ColorSites’ ‘ColorSpecies’
     ‘ColorVar’ ‘PchSites’ ‘PchSpecies’ ‘PchVar’ ‘SizeQualSites’
     ‘SizeQualSpecies’ ‘SizeQualVars’ ‘ColorQualSites’ ‘ColorQualSpecies’
     ‘ColorQualVars’ ‘SmartLabels’ ‘PlotTol’ ‘...’
    Argument items with no description in Rd object 'scores.CCA.sol':
     ‘CCA.sol’
    Argument items with no description in Rd object 'summary.Canonical.Biplot':
     ‘object’
Flavors: r-devel-linux-x86_64-debian-clang, r-devel-linux-x86_64-debian-gcc, r-devel-linux-x86_64-fedora-clang, r-devel-linux-x86_64-fedora-gcc, r-devel-windows-x86_64

Version: 1.3.30
Check: dependencies in R code
Result: NOTE
    Namespace in Imports field not imported from: ‘polycor’
     All declared Imports should be used.
Flavors: r-devel-linux-x86_64-fedora-clang, r-devel-linux-x86_64-fedora-gcc, r-oldrel-macos-arm64, r-oldrel-macos-x86_64