Last updated on 2023-06-03 19:57:19 CEST.
Flavor | Version | Tinstall | Tcheck | Ttotal | Status | Flags |
---|---|---|---|---|---|---|
r-devel-linux-x86_64-debian-clang | 1.47.5 | 24.52 | 198.97 | 223.49 | OK | |
r-devel-linux-x86_64-debian-gcc | 1.47.5 | 16.53 | 146.46 | 162.99 | OK | |
r-devel-linux-x86_64-fedora-clang | 1.47.5 | 267.92 | NOTE | |||
r-devel-linux-x86_64-fedora-gcc | 1.47.5 | 268.96 | OK | |||
r-devel-windows-x86_64 | 1.47.5 | 17.00 | 165.00 | 182.00 | OK | |
r-patched-linux-x86_64 | 1.47.5 | OK | ||||
r-release-linux-x86_64 | 1.47.5 | 18.56 | 184.59 | 203.15 | OK | |
r-release-macos-arm64 | 1.47.5 | 73.00 | OK | |||
r-release-macos-x86_64 | 1.47.5 | 133.00 | OK | |||
r-release-windows-x86_64 | 1.47.5 | 21.00 | 209.00 | 230.00 | OK | |
r-oldrel-macos-arm64 | 1.47.5 | 69.00 | OK | |||
r-oldrel-macos-x86_64 | 1.47.5 | 97.00 | OK | |||
r-oldrel-windows-x86_64 | 1.47.5 | 23.00 | 207.00 | 230.00 | OK |
Version: 1.47.5
Check: Rd cross-references
Result: NOTE
Undeclared packages ‘AICcmodavg’, ‘bbmle’, ‘glmulti’, ‘arm’, ‘performance’, ‘wgeesel’, ‘ape’, ‘bestglm’, ‘leaps’, ‘glmmTMB’, ‘brglm’, ‘quantreg’, ‘maxlike’, ‘RMark’ in Rd xrefs
Flavor: r-devel-linux-x86_64-fedora-clang