CRAN Package Check Results for Package MplusAutomation

Last updated on 2024-07-21 19:49:39 CEST.

Flavor Version Tinstall Tcheck Ttotal Status Flags
r-devel-linux-x86_64-debian-clang 1.1.1 48.68 162.60 211.28 OK
r-devel-linux-x86_64-debian-gcc 1.1.1 39.23 117.27 156.50 NOTE
r-devel-linux-x86_64-fedora-clang 1.1.1 283.05 OK
r-devel-linux-x86_64-fedora-gcc 1.1.1 261.34 OK
r-devel-windows-x86_64 1.1.1 39.00 165.00 204.00 NOTE
r-patched-linux-x86_64 1.1.1 57.49 151.52 209.01 OK
r-release-linux-x86_64 1.1.1 48.95 150.73 199.68 OK
r-release-macos-arm64 1.1.1 77.00 OK
r-release-macos-x86_64 1.1.1 118.00 OK
r-release-windows-x86_64 1.1.1 38.00 160.00 198.00 OK
r-oldrel-macos-arm64 1.1.1 78.00 NOTE
r-oldrel-macos-x86_64 1.1.1 170.00 NOTE
r-oldrel-windows-x86_64 1.1.1 54.00 188.00 242.00 OK

Check Details

Version: 1.1.1
Check: Rd cross-references
Result: NOTE Found the following Rd file(s) with Rd \link{} targets missing package anchors: mplus.traceplot.Rd: plot.mcmc Please provide package anchors for all Rd \link{} targets not in the package itself and the base packages. Flavors: r-devel-linux-x86_64-debian-gcc, r-devel-windows-x86_64

Version: 1.1.1
Check: package dependencies
Result: NOTE Package suggested but not available for checking: ‘rhdf5’ Flavors: r-oldrel-macos-arm64, r-oldrel-macos-x86_64