Last updated on 2023-05-29 08:55:04 CEST.
Flavor | Version | Tinstall | Tcheck | Ttotal | Status | Flags |
---|---|---|---|---|---|---|
r-devel-linux-x86_64-debian-clang | 0.1-2 | 14.25 | 119.95 | 134.20 | NOTE | |
r-devel-linux-x86_64-debian-gcc | 0.1-2 | 11.53 | 90.44 | 101.97 | NOTE | |
r-devel-linux-x86_64-fedora-clang | 0.1-2 | 178.33 | NOTE | |||
r-devel-linux-x86_64-fedora-gcc | 0.1-2 | 195.79 | NOTE | |||
r-devel-windows-x86_64 | 0.1-2 | 24.00 | 149.00 | 173.00 | NOTE | |
r-patched-linux-x86_64 | 0.1-2 | 15.43 | 113.75 | 129.18 | NOTE | |
r-release-linux-x86_64 | 0.1-2 | 12.59 | 115.36 | 127.95 | NOTE | |
r-release-macos-arm64 | 0.1-2 | 72.00 | NOTE | |||
r-release-macos-x86_64 | 0.1-2 | 101.00 | NOTE | |||
r-release-windows-x86_64 | 0.1-2 | 29.00 | 146.00 | 175.00 | OK | |
r-oldrel-macos-arm64 | 0.1-2 | 50.00 | NOTE | |||
r-oldrel-macos-x86_64 | 0.1-2 | 67.00 | NOTE | |||
r-oldrel-windows-x86_64 | 0.1-2 | 18.00 | 142.00 | 160.00 | OK |
Version: 0.1-2
Check: package dependencies
Result: NOTE
Package which this enhances but not available for checking: ‘AnalyzeFMRI’
Flavors: r-devel-linux-x86_64-debian-clang, r-devel-linux-x86_64-debian-gcc, r-devel-linux-x86_64-fedora-clang, r-devel-linux-x86_64-fedora-gcc, r-devel-windows-x86_64, r-patched-linux-x86_64, r-release-linux-x86_64
Version: 0.1-2
Check: package dependencies
Result: NOTE
Packages which this enhances but not available for checking:
'pbdMPI', 'AnalyzeFMRI'
Flavors: r-release-macos-arm64, r-release-macos-x86_64, r-oldrel-macos-x86_64
Version: 0.1-2
Check: package dependencies
Result: NOTE
Package which this enhances but not available for checking: ‘pbdMPI’
Flavor: r-oldrel-macos-arm64