Last updated on 2023-10-01 08:52:04 CEST.
Flavor | Version | Tinstall | Tcheck | Ttotal | Status | Flags |
---|---|---|---|---|---|---|
r-devel-linux-x86_64-debian-clang | 1.1.0 | 21.26 | 131.84 | 153.10 | NOTE | |
r-devel-linux-x86_64-debian-gcc | 1.1.0 | 14.38 | 97.24 | 111.62 | NOTE | |
r-devel-linux-x86_64-fedora-clang | 1.1.0 | 180.10 | NOTE | |||
r-devel-linux-x86_64-fedora-gcc | 1.1.0 | 196.42 | NOTE | |||
r-devel-windows-x86_64 | 1.1.0 | 18.00 | 119.00 | 137.00 | NOTE | |
r-patched-linux-x86_64 | 1.1.0 | 18.79 | 127.31 | 146.10 | OK | |
r-release-linux-x86_64 | 1.1.0 | 15.45 | 128.15 | 143.60 | OK | |
r-release-macos-arm64 | 1.1.0 | 62.00 | OK | |||
r-release-macos-x86_64 | 1.1.0 | 90.00 | OK | |||
r-release-windows-x86_64 | 1.1.0 | 24.00 | 142.00 | 166.00 | OK | |
r-oldrel-macos-arm64 | 1.1.0 | 53.00 | OK | |||
r-oldrel-macos-x86_64 | 1.1.0 | 74.00 | OK | |||
r-oldrel-windows-x86_64 | 1.1.0 | 22.00 | 152.00 | 174.00 | OK |
Version: 1.1.0
Check: Rd \usage sections
Result: NOTE
Documented arguments not in \usage in documentation object 'Sn_A':
‘data’
Functions with \usage entries need to have the appropriate \alias
entries, and all their arguments documented.
The \usage entries must correspond to syntactically valid R code.
See chapter ‘Writing R documentation files’ in the ‘Writing R
Extensions’ manual.
Flavors: r-devel-linux-x86_64-debian-clang, r-devel-linux-x86_64-debian-gcc, r-devel-linux-x86_64-fedora-clang, r-devel-linux-x86_64-fedora-gcc, r-devel-windows-x86_64