Last updated on 2024-04-23 07:51:11 CEST.
Flavor | Version | Tinstall | Tcheck | Ttotal | Status | Flags |
---|---|---|---|---|---|---|
r-devel-linux-x86_64-debian-clang | 0.1.3 | 6.56 | 56.21 | 62.77 | NOTE | |
r-devel-linux-x86_64-debian-gcc | 0.1.3 | 4.49 | 40.31 | 44.80 | NOTE | |
r-devel-linux-x86_64-fedora-clang | 0.1.3 | 76.03 | NOTE | |||
r-devel-linux-x86_64-fedora-gcc | 0.1.3 | 76.00 | NOTE | |||
r-prerel-macos-arm64 | 0.1.3 | 25.00 | NOTE | |||
r-prerel-windows-x86_64 | 0.1.3 | 7.00 | 58.00 | 65.00 | NOTE | |
r-patched-linux-x86_64 | 0.1.3 | 5.12 | 51.37 | 56.49 | NOTE | |
r-release-linux-x86_64 | 0.1.3 | 6.13 | 50.99 | 57.12 | NOTE | |
r-release-macos-arm64 | 0.1.3 | 26.00 | NOTE | |||
r-release-macos-x86_64 | 0.1.3 | 38.00 | NOTE | |||
r-release-windows-x86_64 | 0.1.3 | 8.00 | 64.00 | 72.00 | NOTE | |
r-oldrel-macos-arm64 | 0.1.3 | 24.00 | NOTE | |||
r-oldrel-windows-x86_64 | 0.1.3 | 8.00 | 69.00 | 77.00 | NOTE |
Version: 0.1.3
Check: LazyData
Result: NOTE
'LazyData' is specified without a 'data' directory
Flavors: r-devel-linux-x86_64-debian-clang, r-devel-linux-x86_64-debian-gcc, r-devel-linux-x86_64-fedora-clang, r-devel-linux-x86_64-fedora-gcc, r-prerel-macos-arm64, r-prerel-windows-x86_64, r-patched-linux-x86_64, r-release-linux-x86_64, r-release-macos-arm64, r-release-macos-x86_64, r-release-windows-x86_64, r-oldrel-macos-arm64, r-oldrel-windows-x86_64