Last updated on 2023-05-29 20:00:28 CEST.
Flavor | Version | Tinstall | Tcheck | Ttotal | Status | Flags |
---|---|---|---|---|---|---|
r-devel-linux-x86_64-debian-clang | 1.1 | 35.11 | 312.69 | 347.80 | OK | |
r-devel-linux-x86_64-debian-gcc | 1.1 | 28.26 | 233.84 | 262.10 | OK | |
r-devel-linux-x86_64-fedora-clang | 1.1 | 451.55 | NOTE | |||
r-devel-linux-x86_64-fedora-gcc | 1.1 | 446.09 | NOTE | |||
r-devel-windows-x86_64 | 1.1 | 31.00 | 233.00 | 264.00 | OK | |
r-patched-linux-x86_64 | 1.1 | 36.00 | 297.61 | 333.61 | OK | |
r-release-linux-x86_64 | 1.1 | 28.82 | 294.11 | 322.93 | OK | |
r-release-macos-arm64 | 1.1 | 6.00 | ERROR | |||
r-release-macos-x86_64 | 1.1 | 7.00 | ERROR | |||
r-release-windows-x86_64 | 1.1 | 43.00 | 287.00 | 330.00 | OK | |
r-oldrel-macos-arm64 | 1.1 | 103.00 | NOTE | |||
r-oldrel-macos-x86_64 | 1.1 | 173.00 | NOTE | |||
r-oldrel-windows-x86_64 | 1.1 | 40.00 | 255.00 | 295.00 | OK |
Version: 1.1
Check: dependencies in R code
Result: NOTE
Namespaces in Imports field not imported from:
‘MASS’ ‘Matrix’ ‘utils’
All declared Imports should be used.
Flavors: r-devel-linux-x86_64-fedora-clang, r-devel-linux-x86_64-fedora-gcc, r-oldrel-macos-arm64, r-oldrel-macos-x86_64
Version: 1.1
Check: package dependencies
Result: ERROR
Package required but not available: ‘phyloseq’
See section ‘The DESCRIPTION file’ in the ‘Writing R Extensions’
manual.
Flavors: r-release-macos-arm64, r-release-macos-x86_64