Last updated on 2024-04-18 20:55:51 CEST.
Flavor | Version | Tinstall | Tcheck | Ttotal | Status | Flags |
---|---|---|---|---|---|---|
r-devel-linux-x86_64-debian-clang | 1.1.2 | 20.04 | 171.78 | 191.82 | NOTE | |
r-devel-linux-x86_64-debian-gcc | 1.1.2 | 13.51 | 124.24 | 137.75 | NOTE | |
r-devel-linux-x86_64-fedora-clang | 1.1.2 | 233.35 | NOTE | |||
r-devel-linux-x86_64-fedora-gcc | 1.1.2 | 246.75 | NOTE | |||
r-prerel-macos-arm64 | 1.1.2 | 70.00 | NOTE | |||
r-prerel-windows-x86_64 | 1.1.2 | 17.00 | 156.00 | 173.00 | NOTE | |
r-patched-linux-x86_64 | 1.1.2 | 19.72 | 159.75 | 179.47 | NOTE | |
r-release-linux-x86_64 | 1.1.2 | 15.67 | 163.59 | 179.26 | OK | |
r-release-macos-arm64 | 1.1.2 | 79.00 | OK | |||
r-release-macos-x86_64 | 1.1.2 | 120.00 | OK | |||
r-release-windows-x86_64 | 1.1.2 | 23.00 | 198.00 | 221.00 | OK | |
r-oldrel-macos-arm64 | 1.1.2 | 73.00 | OK | |||
r-oldrel-windows-x86_64 | 1.1.2 | 24.00 | 187.00 | 211.00 | OK |
Version: 1.1.2
Check: Rd files
Result: NOTE
checkRd: (-1) CVLasoelacox.Rd:68-69: Lost braces in \itemize; \value handles \item{}{} directly
checkRd: (-1) CVLasoelacox.Rd:70-71: Lost braces in \itemize; \value handles \item{}{} directly
checkRd: (-1) CVLasoelacox.Rd:72: Lost braces in \itemize; \value handles \item{}{} directly
checkRd: (-1) CVLasoelacox.Rd:73: Lost braces in \itemize; \value handles \item{}{} directly
checkRd: (-1) CVLasoelacox.Rd:74-76: Lost braces in \itemize; \value handles \item{}{} directly
checkRd: (-1) CVLasoelacox.Rd:77-79: Lost braces in \itemize; \value handles \item{}{} directly
checkRd: (-1) CVLasoelacox.Rd:80-81: Lost braces in \itemize; \value handles \item{}{} directly
checkRd: (-1) CVLasoelacox.Rd:82-85: Lost braces in \itemize; \value handles \item{}{} directly
checkRd: (-1) CVLasoelacox.Rd:86-87: Lost braces in \itemize; \value handles \item{}{} directly
Flavors: r-devel-linux-x86_64-debian-clang, r-devel-linux-x86_64-debian-gcc, r-devel-linux-x86_64-fedora-clang, r-devel-linux-x86_64-fedora-gcc, r-prerel-macos-arm64, r-prerel-windows-x86_64, r-patched-linux-x86_64