Last updated on 2024-03-28 19:48:36 CET.
Flavor | Version | Tinstall | Tcheck | Ttotal | Status | Flags |
---|---|---|---|---|---|---|
r-devel-linux-x86_64-debian-clang | 0.4 | 13.46 | 185.23 | 198.69 | OK | |
r-devel-linux-x86_64-debian-gcc | 0.4 | 12.14 | 136.34 | 148.48 | OK | |
r-devel-linux-x86_64-fedora-clang | 0.4 | 240.21 | NOTE | |||
r-devel-linux-x86_64-fedora-gcc | 0.4 | 252.62 | NOTE | |||
r-devel-windows-x86_64 | 0.4 | 13.00 | 146.00 | 159.00 | OK | |
r-patched-linux-x86_64 | 0.4 | 16.09 | 180.57 | 196.66 | OK | |
r-release-linux-x86_64 | 0.4 | 14.28 | 179.96 | 194.24 | OK | |
r-release-macos-arm64 | 0.4 | 73.00 | OK | |||
r-release-macos-x86_64 | 0.4 | 173.00 | OK | |||
r-release-windows-x86_64 | 0.4 | 17.00 | 176.00 | 193.00 | OK | |
r-oldrel-macos-arm64 | 0.4 | 69.00 | OK | |||
r-oldrel-windows-x86_64 | 0.4 | 18.00 | 185.00 | 203.00 | OK |
Version: 0.4
Check: data for non-ASCII characters
Result: NOTE
Note: found 1496 marked UTF-8 strings
Flavors: r-devel-linux-x86_64-fedora-clang, r-devel-linux-x86_64-fedora-gcc