Last updated on 2023-12-03 07:52:01 CET.
Flavor | Version | Tinstall | Tcheck | Ttotal | Status | Flags |
---|---|---|---|---|---|---|
r-devel-linux-x86_64-debian-clang | 0.8.6 | 10.62 | 129.14 | 139.76 | OK | |
r-devel-linux-x86_64-debian-gcc | 0.8.6 | 7.57 | 97.32 | 104.89 | OK | |
r-devel-linux-x86_64-fedora-clang | 0.8.6 | 168.30 | NOTE | |||
r-devel-linux-x86_64-fedora-gcc | 0.8.6 | 173.93 | NOTE | |||
r-devel-windows-x86_64 | 0.8.6 | 10.00 | 124.00 | 134.00 | OK | |
r-patched-linux-x86_64 | 0.8.6 | 7.06 | 123.87 | 130.93 | OK | |
r-release-linux-x86_64 | 0.8.6 | 5.97 | 124.64 | 130.61 | OK | |
r-release-macos-arm64 | 0.8.6 | 81.00 | OK | |||
r-release-macos-x86_64 | 0.8.6 | 116.00 | OK | |||
r-release-windows-x86_64 | 0.8.6 | 13.00 | 148.00 | 161.00 | OK | |
r-oldrel-macos-arm64 | 0.8.6 | 90.00 | OK | |||
r-oldrel-macos-x86_64 | 0.8.6 | 77.00 | OK | |||
r-oldrel-windows-x86_64 | 0.8.6 | 13.00 | 147.00 | 160.00 | OK |
Version: 0.8.6
Check: data for non-ASCII characters
Result: NOTE
Note: found 54 marked UTF-8 strings
Flavors: r-devel-linux-x86_64-fedora-clang, r-devel-linux-x86_64-fedora-gcc