Last updated on 2024-04-27 08:48:32 CEST.
Flavor | Version | Tinstall | Tcheck | Ttotal | Status | Flags |
---|---|---|---|---|---|---|
r-devel-linux-x86_64-debian-clang | 0.2.0 | 40.54 | 373.40 | 413.94 | OK | |
r-devel-linux-x86_64-debian-gcc | 0.2.0 | 29.72 | 257.37 | 287.09 | OK | |
r-devel-linux-x86_64-fedora-clang | 0.2.0 | 479.16 | NOTE | |||
r-devel-linux-x86_64-fedora-gcc | 0.2.0 | 497.80 | NOTE | |||
r-devel-windows-x86_64 | 0.2.0 | 28.00 | 221.00 | 249.00 | OK | |
r-patched-linux-x86_64 | 0.2.0 | 22.98 | 344.86 | 367.84 | OK | |
r-release-linux-x86_64 | 0.2.0 | 27.29 | 347.72 | 375.01 | OK | |
r-release-macos-arm64 | 0.2.0 | 132.00 | OK | |||
r-release-windows-x86_64 | 0.2.0 | 28.00 | 216.00 | 244.00 | OK | |
r-oldrel-macos-arm64 | 0.2.0 | 151.00 | OK | |||
r-oldrel-macos-x86_64 | 0.2.0 | 219.00 | OK | |||
r-oldrel-windows-x86_64 | 0.2.0 | 40.00 | 301.00 | 341.00 | OK |
Version: 0.2.0
Check: data for non-ASCII characters
Result: NOTE
Note: found 18 marked UTF-8 strings
Flavors: r-devel-linux-x86_64-fedora-clang, r-devel-linux-x86_64-fedora-gcc