CRAN Package Check Results for Package MazamaSpatialPlots

Last updated on 2024-03-03 18:49:58 CET.

Flavor Version Tinstall Tcheck Ttotal Status Flags
r-devel-linux-x86_64-debian-clang 0.2.0 40.83 369.39 410.22 OK
r-devel-linux-x86_64-debian-gcc 0.2.0 32.15 266.68 298.83 OK
r-devel-linux-x86_64-fedora-clang 0.2.0 504.98 NOTE
r-devel-linux-x86_64-fedora-gcc 0.2.0 514.48 NOTE
r-devel-windows-x86_64 0.2.0 29.00 226.00 255.00 OK
r-patched-linux-x86_64 0.2.0 31.71 354.00 385.71 OK
r-release-linux-x86_64 0.2.0 24.28 358.45 382.73 OK
r-release-macos-arm64 0.2.0 151.00 OK
r-release-macos-x86_64 0.2.0 219.00 OK
r-release-windows-x86_64 0.2.0 43.00 304.00 347.00 OK
r-oldrel-macos-arm64 0.2.0 142.00 NOTE
r-oldrel-windows-x86_64 0.2.0 43.00 319.00 362.00 OK

Check Details

Version: 0.2.0
Check: data for non-ASCII characters
Result: NOTE Note: found 18 marked UTF-8 strings Flavors: r-devel-linux-x86_64-fedora-clang, r-devel-linux-x86_64-fedora-gcc, r-oldrel-macos-arm64