Last updated on 2023-10-03 08:04:56 CEST.
Flavor | Version | Tinstall | Tcheck | Ttotal | Status | Flags |
---|---|---|---|---|---|---|
r-devel-linux-x86_64-debian-clang | 0.1.1 | 3.00 | 37.80 | 40.80 | NOTE | |
r-devel-linux-x86_64-debian-gcc | 0.1.1 | 1.94 | 29.27 | 31.21 | NOTE | |
r-devel-linux-x86_64-fedora-clang | 0.1.1 | 50.31 | NOTE | |||
r-devel-linux-x86_64-fedora-gcc | 0.1.1 | 52.08 | NOTE | |||
r-devel-windows-x86_64 | 0.1.1 | 5.00 | 54.00 | 59.00 | NOTE | |
r-patched-linux-x86_64 | 0.1.1 | 4.65 | 38.48 | 43.13 | NOTE | |
r-release-linux-x86_64 | 0.1.1 | 2.92 | 37.13 | 40.05 | NOTE | |
r-release-macos-arm64 | 0.1.1 | 23.00 | NOTE | |||
r-release-macos-x86_64 | 0.1.1 | 32.00 | NOTE | |||
r-release-windows-x86_64 | 0.1.1 | 5.00 | 55.00 | 60.00 | NOTE | |
r-oldrel-macos-arm64 | 0.1.1 | 22.00 | NOTE | |||
r-oldrel-macos-x86_64 | 0.1.1 | 29.00 | NOTE | |||
r-oldrel-windows-x86_64 | 0.1.1 | 5.00 | 54.00 | 59.00 | NOTE |
Version: 0.1.1
Check: package namespace information
Result: NOTE
Found export directive that requires package ‘methods’:
‘exportClasses’
Remove all such namespace directives (if obsolete) or ensure that the
DESCRIPTION Depends or Imports field contains ‘methods’.
Flavors: r-devel-linux-x86_64-debian-clang, r-devel-linux-x86_64-debian-gcc, r-devel-linux-x86_64-fedora-clang, r-devel-linux-x86_64-fedora-gcc, r-devel-windows-x86_64
Version: 0.1.1
Check: LazyData
Result: NOTE
'LazyData' is specified without a 'data' directory
Flavors: r-devel-linux-x86_64-debian-clang, r-devel-linux-x86_64-debian-gcc, r-devel-linux-x86_64-fedora-clang, r-devel-linux-x86_64-fedora-gcc, r-devel-windows-x86_64, r-patched-linux-x86_64, r-release-linux-x86_64, r-release-macos-arm64, r-release-macos-x86_64, r-release-windows-x86_64, r-oldrel-macos-arm64, r-oldrel-macos-x86_64, r-oldrel-windows-x86_64