Last updated on 2023-05-29 20:00:28 CEST.
Flavor | Version | Tinstall | Tcheck | Ttotal | Status | Flags |
---|---|---|---|---|---|---|
r-devel-linux-x86_64-debian-clang | 0.2 | 31.89 | 48.80 | 80.69 | NOTE | |
r-devel-linux-x86_64-debian-gcc | 0.2 | 25.23 | 38.44 | 63.67 | NOTE | |
r-devel-linux-x86_64-fedora-clang | 0.2 | 114.69 | NOTE | |||
r-devel-linux-x86_64-fedora-gcc | 0.2 | 119.57 | NOTE | |||
r-devel-windows-x86_64 | 0.2 | 27.00 | 76.00 | 103.00 | NOTE | |
r-patched-linux-x86_64 | 0.2 | 27.54 | 47.65 | 75.19 | NOTE | |
r-release-linux-x86_64 | 0.2 | 26.15 | 46.39 | 72.54 | NOTE | |
r-release-macos-arm64 | 0.2 | 42.00 | NOTE | |||
r-release-macos-x86_64 | 0.2 | 55.00 | NOTE | |||
r-release-windows-x86_64 | 0.2 | 37.00 | 91.00 | 128.00 | NOTE | |
r-oldrel-macos-arm64 | 0.2 | 38.00 | NOTE | |||
r-oldrel-macos-x86_64 | 0.2 | 43.00 | NOTE | |||
r-oldrel-windows-x86_64 | 0.2 | 36.00 | 82.00 | 118.00 | NOTE |
Version: 0.2
Check: LazyData
Result: NOTE
'LazyData' is specified without a 'data' directory
Flavors: r-devel-linux-x86_64-debian-clang, r-devel-linux-x86_64-debian-gcc, r-devel-linux-x86_64-fedora-clang, r-devel-linux-x86_64-fedora-gcc, r-devel-windows-x86_64, r-patched-linux-x86_64, r-release-linux-x86_64, r-release-macos-arm64, r-release-macos-x86_64, r-release-windows-x86_64, r-oldrel-macos-arm64, r-oldrel-macos-x86_64, r-oldrel-windows-x86_64