Last updated on 2023-06-08 08:55:26 CEST.
Flavor | Version | Tinstall | Tcheck | Ttotal | Status | Flags |
---|---|---|---|---|---|---|
r-devel-linux-x86_64-debian-clang | 1.5-4.1 | 255.11 | 424.45 | 679.56 | WARN | |
r-devel-linux-x86_64-debian-gcc | 1.5-4.1 | 192.42 | 319.63 | 512.05 | WARN | |
r-devel-linux-x86_64-fedora-clang | 1.5-4.1 | 881.00 | WARN | |||
r-devel-linux-x86_64-fedora-gcc | 1.5-4.1 | 881.65 | WARN | |||
r-devel-windows-x86_64 | 1.5-4.1 | 204.00 | 446.00 | 650.00 | WARN | |
r-patched-linux-x86_64 | 1.5-4.1 | 209.33 | 401.64 | 610.97 | WARN | |
r-release-linux-x86_64 | 1.5-4.1 | 201.82 | 403.13 | 604.95 | WARN | |
r-release-macos-arm64 | 1.5-4.1 | 241.00 | OK | |||
r-release-macos-x86_64 | 1.5-4 | 467.00 | OK | |||
r-release-windows-x86_64 | 1.5-4.1 | 269.00 | 516.00 | 785.00 | WARN | |
r-oldrel-macos-arm64 | 1.5-4.1 | 229.00 | OK | |||
r-oldrel-macos-x86_64 | 1.5-4.1 | 285.00 | OK | |||
r-oldrel-windows-x86_64 | 1.5-4.1 | 255.00 | 488.00 | 743.00 | WARN |
Version: 1.5-4.1
Check: Rd cross-references
Result: WARN
Missing link or links in documentation object ‘wrld_1deg.Rd’:
‘[maptools]{Rgshhs}’
See section ‘Cross-references’ in the ‘Writing R Extensions’ manual.
Flavors: r-devel-linux-x86_64-debian-clang, r-devel-linux-x86_64-debian-gcc, r-devel-linux-x86_64-fedora-clang, r-devel-linux-x86_64-fedora-gcc, r-devel-windows-x86_64, r-patched-linux-x86_64, r-release-linux-x86_64, r-release-windows-x86_64, r-oldrel-windows-x86_64