Last updated on 2023-06-04 19:53:14 CEST.
Flavor | Version | Tinstall | Tcheck | Ttotal | Status | Flags |
---|---|---|---|---|---|---|
r-devel-linux-x86_64-debian-clang | 1.0.1 | 252.28 | 31.27 | 283.55 | OK | |
r-devel-linux-x86_64-debian-gcc | 1.0.1 | 196.03 | 23.63 | 219.66 | OK | |
r-devel-linux-x86_64-fedora-clang | 1.0.1 | 519.46 | OK | |||
r-devel-linux-x86_64-fedora-gcc | 1.0.1 | 457.59 | OK | |||
r-devel-windows-x86_64 | 1.0.1 | 383.00 | 71.00 | 454.00 | OK | |
r-patched-linux-x86_64 | 1.0.1 | 206.56 | 29.74 | 236.30 | OK | |
r-release-linux-x86_64 | 1.0.1 | 208.56 | 29.50 | 238.06 | OK | |
r-release-macos-arm64 | 1.0.1 | 94.00 | NOTE | |||
r-release-macos-x86_64 | 1.0.1 | 171.00 | NOTE | |||
r-release-windows-x86_64 | 1.0.1 | 493.00 | 82.00 | 575.00 | OK | |
r-oldrel-macos-arm64 | 1.0.1 | 98.00 | NOTE | |||
r-oldrel-macos-x86_64 | 1.0.1 | 117.00 | NOTE | |||
r-oldrel-windows-x86_64 | 1.0.1 | 447.00 | 76.00 | 523.00 | OK |
Version: 1.0.1
Check: installed package size
Result: NOTE
installed size is 11.1Mb
sub-directories of 1Mb or more:
libs 10.8Mb
Flavors: r-release-macos-arm64, r-release-macos-x86_64, r-oldrel-macos-arm64, r-oldrel-macos-x86_64