Last updated on 2024-04-23 19:50:49 CEST.
Flavor | Version | Tinstall | Tcheck | Ttotal | Status | Flags |
---|---|---|---|---|---|---|
r-devel-linux-x86_64-debian-clang | 1.0.2 | 44.02 | 389.31 | 433.33 | OK | |
r-devel-linux-x86_64-debian-gcc | 1.0.2 | 31.49 | 269.65 | 301.14 | OK | |
r-devel-linux-x86_64-fedora-clang | 1.0.2 | 513.69 | NOTE | |||
r-devel-linux-x86_64-fedora-gcc | 1.0.2 | 540.22 | NOTE | |||
r-prerel-macos-arm64 | 1.0.2 | 130.00 | OK | |||
r-prerel-windows-x86_64 | 1.0.2 | 31.00 | 228.00 | 259.00 | OK | |
r-patched-linux-x86_64 | 1.0.2 | 27.32 | 364.91 | 392.23 | OK | |
r-release-linux-x86_64 | 1.0.2 | 24.62 | 362.91 | 387.53 | OK | |
r-release-macos-arm64 | 1.0.2 | 145.00 | NOTE | |||
r-release-macos-x86_64 | 1.0.2 | 223.00 | NOTE | |||
r-release-windows-x86_64 | 1.0.2 | 43.00 | 307.00 | 350.00 | OK | |
r-oldrel-macos-arm64 | 1.0.2 | 143.00 | NOTE | |||
r-oldrel-windows-x86_64 | 1.0.2 | 45.00 | 305.00 | 350.00 | OK |
Version: 1.0.2
Check: package dependencies
Result: NOTE
Package suggested but not available for checking: ‘BiocCheck’
Flavors: r-devel-linux-x86_64-fedora-clang, r-devel-linux-x86_64-fedora-gcc, r-release-macos-arm64, r-release-macos-x86_64, r-oldrel-macos-arm64
Version: 1.0.2
Check: data for non-ASCII characters
Result: NOTE
Note: found 41 marked UTF-8 strings
Flavors: r-devel-linux-x86_64-fedora-clang, r-devel-linux-x86_64-fedora-gcc