Last updated on 2024-03-28 19:48:37 CET.
Flavor | Version | Tinstall | Tcheck | Ttotal | Status | Flags |
---|---|---|---|---|---|---|
r-devel-linux-x86_64-debian-clang | 0.2.1 | 36.27 | 73.42 | 109.69 | NOTE | |
r-devel-linux-x86_64-debian-gcc | 0.2.1 | 29.52 | 54.13 | 83.65 | NOTE | |
r-devel-linux-x86_64-fedora-clang | 0.2.1 | 151.40 | NOTE | |||
r-devel-linux-x86_64-fedora-gcc | 0.2.1 | 159.25 | NOTE | |||
r-devel-windows-x86_64 | 0.2.1 | 32.00 | 88.00 | 120.00 | NOTE | |
r-patched-linux-x86_64 | 0.2.1 | 36.36 | 68.81 | 105.17 | NOTE | |
r-release-linux-x86_64 | 0.2.1 | 38.96 | 67.01 | 105.97 | NOTE | |
r-release-macos-arm64 | 0.2.1 | 49.00 | NOTE | |||
r-release-macos-x86_64 | 0.2.1 | 78.00 | NOTE | |||
r-release-windows-x86_64 | 0.2.1 | 38.00 | 103.00 | 141.00 | NOTE | |
r-oldrel-macos-arm64 | 0.2.1 | 42.00 | NOTE | |||
r-oldrel-windows-x86_64 | 0.2.1 | 35.00 | 103.00 | 138.00 | NOTE |
Version: 0.2.1
Check: LazyData
Result: NOTE
'LazyData' is specified without a 'data' directory
Flavors: r-devel-linux-x86_64-debian-clang, r-devel-linux-x86_64-debian-gcc, r-devel-linux-x86_64-fedora-clang, r-devel-linux-x86_64-fedora-gcc, r-devel-windows-x86_64, r-patched-linux-x86_64, r-release-linux-x86_64, r-release-macos-arm64, r-release-macos-x86_64, r-release-windows-x86_64, r-oldrel-macos-arm64, r-oldrel-windows-x86_64