Last updated on 2023-12-07 06:51:48 CET.
Flavor | Version | Tinstall | Tcheck | Ttotal | Status | Flags |
---|---|---|---|---|---|---|
r-devel-linux-x86_64-debian-clang | 0.3.3 | 31.08 | 274.69 | 305.77 | NOTE | |
r-devel-linux-x86_64-debian-gcc | 0.3.3 | 28.44 | 204.07 | 232.51 | NOTE | |
r-devel-linux-x86_64-fedora-clang | 0.3.3 | 393.25 | OK | |||
r-devel-linux-x86_64-fedora-gcc | 0.3.3 | 369.39 | OK | |||
r-devel-windows-x86_64 | 0.3.3 | 30.00 | 199.00 | 229.00 | OK | |
r-patched-linux-x86_64 | 0.3.3 | 23.63 | 270.09 | 293.72 | OK | |
r-release-linux-x86_64 | 0.3.3 | 28.24 | 266.39 | 294.63 | OK | |
r-release-macos-arm64 | 0.3.3 | 84.00 | OK | |||
r-release-macos-x86_64 | 0.3.3 | 173.00 | OK | |||
r-release-windows-x86_64 | 0.3.3 | 39.00 | 256.00 | 295.00 | OK | |
r-oldrel-macos-arm64 | 0.3.3 | 100.00 | OK | |||
r-oldrel-macos-x86_64 | 0.3.3 | 144.00 | OK | |||
r-oldrel-windows-x86_64 | 0.3.3 | 39.00 | 257.00 | 296.00 | OK |
Version: 0.3.3
Check: Rd files
Result: NOTE
checkRd: (-1) SignalProcessing.Rd:42: Lost braces; missing escapes or markup?
42 | \item{calibrateIntensity_method}{a \code{character} indicating the intensities calibration method used (\code{"TIC"} method by default). This calibration method can be remplaced by \code{"PQN"} or {"median"}.See \code{calibrateIntensity-methods} of the \code{MALDIquant} R package for details.}
| ^
Flavors: r-devel-linux-x86_64-debian-clang, r-devel-linux-x86_64-debian-gcc