Last updated on 2023-11-30 07:52:42 CET.
Flavor | Version | Tinstall | Tcheck | Ttotal | Status | Flags |
---|---|---|---|---|---|---|
r-devel-linux-x86_64-debian-clang | 1.14.1 | 66.50 | 237.05 | 303.55 | WARN | |
r-devel-linux-x86_64-debian-gcc | 1.14.1 | 44.41 | 183.15 | 227.56 | WARN | |
r-devel-linux-x86_64-fedora-clang | 1.14.1 | 385.66 | OK | |||
r-devel-linux-x86_64-fedora-gcc | 1.14.1 | 398.81 | OK | |||
r-devel-windows-x86_64 | 1.14.1 | 51.00 | 234.00 | 285.00 | OK | |
r-patched-linux-x86_64 | 1.14.1 | 57.73 | 230.34 | 288.07 | WARN | |
r-release-linux-x86_64 | 1.14.1 | 55.02 | 234.35 | 289.37 | WARN | |
r-release-macos-arm64 | 1.14.1 | 123.00 | NOTE | |||
r-release-macos-x86_64 | 1.14.1 | 199.00 | NOTE | |||
r-release-windows-x86_64 | 1.14.1 | 68.00 | 286.00 | 354.00 | OK | |
r-oldrel-macos-arm64 | 1.14.1 | 85.00 | NOTE | |||
r-oldrel-macos-x86_64 | 1.14.1 | 108.00 | NOTE | |||
r-oldrel-windows-x86_64 | 1.14.1 | 61.00 | 274.00 | 335.00 | OK |
Version: 1.14.1
Check: Rd files
Result: NOTE
checkRd: (-1) get.mpt.fia.Rd:60: Lost braces
60 | \item{lnconst}{When inequality constraints are present, \code{lnconst} serves as an adjustment of code{lnInt}. It estimates the logarithm of the proportion of parameter space [0,1]^S that satisfies those inequality constraints, and the log integral term is given by \code{lnInt+lnconst}.
| ^
checkRd: (-1) prediction.plot.Rd:38: Lost braces
38 | The labels on the x-axis. Default is \code{Tree 1} to code{Tree n}.
| ^
Flavors: r-devel-linux-x86_64-debian-clang, r-devel-linux-x86_64-debian-gcc
Version: 1.14.1
Check: sizes of PDF files under ‘inst/doc’
Result: WARN
‘gs+qpdf’ made some significant size reductions:
compacted ‘mptinr_introduction.pdf’ from 580Kb to 330Kb
consider running tools::compactPDF(gs_quality = "ebook") on these files,
or build the source package with --compact-vignettes=both
Flavors: r-devel-linux-x86_64-debian-clang, r-devel-linux-x86_64-debian-gcc
Version: 1.14.1
Check: sizes of PDF files under ‘inst/doc’
Result: WARN
‘gs+qpdf’ made some significant size reductions:
compacted ‘mptinr_introduction.pdf’ from 580Kb to 330Kb
consider running tools::compactPDF(gs_quality = "ebook") on these files
Flavors: r-patched-linux-x86_64, r-release-linux-x86_64
Version: 1.14.1
Check: installed package size
Result: NOTE
installed size is 10.6Mb
sub-directories of 1Mb or more:
libs 9.4Mb
Flavors: r-release-macos-arm64, r-release-macos-x86_64, r-oldrel-macos-arm64, r-oldrel-macos-x86_64