Last updated on 2024-03-28 19:48:37 CET.
Flavor | Version | Tinstall | Tcheck | Ttotal | Status | Flags |
---|---|---|---|---|---|---|
r-devel-linux-x86_64-debian-clang | 3.0.2 | 80.43 | 103.57 | 184.00 | OK | |
r-devel-linux-x86_64-debian-gcc | 3.0.2 | 77.95 | 82.41 | 160.36 | OK | |
r-devel-linux-x86_64-fedora-clang | 3.0.2 | 255.21 | OK | |||
r-devel-linux-x86_64-fedora-gcc | 3.0.2 | 276.93 | OK | |||
r-devel-windows-x86_64 | 3.0.2 | 67.00 | 108.00 | 175.00 | OK | |
r-patched-linux-x86_64 | 3.0.2 | 96.01 | 106.15 | 202.16 | OK | |
r-release-linux-x86_64 | 3.0.2 | 93.73 | 108.32 | 202.05 | OK | |
r-release-macos-arm64 | 3.0.2 | 73.00 | NOTE | |||
r-release-macos-x86_64 | 3.0.2 | 115.00 | NOTE | |||
r-release-windows-x86_64 | 3.0.2 | 87.00 | 137.00 | 224.00 | OK | |
r-oldrel-macos-arm64 | 3.0.2 | 98.00 | NOTE | |||
r-oldrel-windows-x86_64 | 3.0.2 | 81.00 | 135.00 | 216.00 | OK |
Version: 3.0.2
Check: installed package size
Result: NOTE
installed size is 22.1Mb
sub-directories of 1Mb or more:
libs 21.4Mb
Flavors: r-release-macos-arm64, r-release-macos-x86_64, r-oldrel-macos-arm64