Last updated on 2023-12-05 18:49:29 CET.
Flavor | Version | Tinstall | Tcheck | Ttotal | Status | Flags |
---|---|---|---|---|---|---|
r-devel-linux-x86_64-debian-clang | 1.0.1 | 2.83 | 47.04 | 49.87 | OK | |
r-devel-linux-x86_64-debian-gcc | 1.0.1 | 2.20 | 35.85 | 38.05 | OK | |
r-devel-linux-x86_64-fedora-clang | 1.0.1 | 63.07 | NOTE | |||
r-devel-linux-x86_64-fedora-gcc | 1.0.1 | 70.00 | NOTE | |||
r-devel-windows-x86_64 | 1.0.1 | 5.00 | 60.00 | 65.00 | OK | |
r-patched-linux-x86_64 | 1.0.1 | 2.56 | 45.67 | 48.23 | OK | |
r-release-linux-x86_64 | 1.0.1 | 1.95 | 45.28 | 47.23 | OK | |
r-release-macos-arm64 | 1.0.1 | 32.00 | OK | |||
r-release-macos-x86_64 | 1.0.1 | 46.00 | OK | |||
r-release-windows-x86_64 | 1.0.1 | 6.00 | 63.00 | 69.00 | OK | |
r-oldrel-macos-arm64 | 1.0.1 | 25.00 | NOTE | |||
r-oldrel-macos-x86_64 | 1.0.1 | 35.00 | NOTE | |||
r-oldrel-windows-x86_64 | 1.0.1 | 5.00 | 66.00 | 71.00 | OK |
Version: 1.0.1
Check: dependencies in R code
Result: NOTE
Namespaces in Imports field not imported from:
‘ConfusionTableR’ ‘OddsPlotty’ ‘caret’ ‘dplyr’ ‘ggplot2’ ‘parsnip’
‘ranger’ ‘recipes’ ‘rsample’ ‘varhandle’ ‘workflows’
All declared Imports should be used.
Flavors: r-devel-linux-x86_64-fedora-clang, r-devel-linux-x86_64-fedora-gcc, r-oldrel-macos-arm64, r-oldrel-macos-x86_64