Last updated on 2023-05-29 08:55:03 CEST.
Flavor | Version | Tinstall | Tcheck | Ttotal | Status | Flags |
---|---|---|---|---|---|---|
r-devel-linux-x86_64-debian-clang | 0.5.9 | 263.63 | 146.61 | 410.24 | OK | |
r-devel-linux-x86_64-debian-gcc | 0.5.9 | 196.36 | 110.08 | 306.44 | OK | |
r-devel-linux-x86_64-fedora-clang | 0.5.9 | 624.78 | OK | |||
r-devel-linux-x86_64-fedora-gcc | 0.5.9 | 654.70 | OK | |||
r-devel-windows-x86_64 | 0.5.9 | 197.00 | 167.00 | 364.00 | OK | |
r-patched-linux-x86_64 | 0.5.9 | 209.52 | 138.74 | 348.26 | OK | |
r-release-linux-x86_64 | 0.5.9 | 203.10 | 137.99 | 341.09 | OK | |
r-release-macos-arm64 | 0.5.9 | 135.00 | NOTE | |||
r-release-macos-x86_64 | 0.5.9 | 224.00 | NOTE | |||
r-release-windows-x86_64 | 0.5.9 | 255.00 | 208.00 | 463.00 | OK | |
r-oldrel-macos-arm64 | 0.5.9 | 119.00 | NOTE | |||
r-oldrel-macos-x86_64 | 0.5.9 | 164.00 | NOTE | |||
r-oldrel-windows-x86_64 | 0.5.9 | 245.00 | 179.00 | 424.00 | OK |
Version: 0.5.9
Check: installed package size
Result: NOTE
installed size is 8.9Mb
sub-directories of 1Mb or more:
data 2.7Mb
libs 5.8Mb
Flavors: r-release-macos-arm64, r-release-macos-x86_64, r-oldrel-macos-arm64, r-oldrel-macos-x86_64
Version: 0.5.9
Check: package dependencies
Result: NOTE
Package suggested but not available for checking: ‘lme4’
Flavor: r-release-macos-x86_64