Last updated on 2024-04-23 19:50:50 CEST.
Flavor | Version | Tinstall | Tcheck | Ttotal | Status | Flags |
---|---|---|---|---|---|---|
r-devel-linux-x86_64-debian-clang | 0.5.12 | 268.76 | 140.52 | 409.28 | OK | |
r-devel-linux-x86_64-debian-gcc | 0.5.12 | 206.48 | 102.84 | 309.32 | OK | |
r-devel-linux-x86_64-fedora-clang | 0.5.12 | 600.99 | OK | |||
r-devel-linux-x86_64-fedora-gcc | 0.5.12 | 581.25 | OK | |||
r-prerel-macos-arm64 | 0.5.12 | 107.00 | NOTE | |||
r-prerel-windows-x86_64 | 0.5.12 | 200.00 | 159.00 | 359.00 | OK | |
r-patched-linux-x86_64 | 0.5.12 | 187.75 | 134.77 | 322.52 | OK | |
r-release-linux-x86_64 | 0.5.12 | 243.93 | 134.42 | 378.35 | OK | |
r-release-macos-arm64 | 0.5.12 | 120.00 | NOTE | |||
r-release-macos-x86_64 | 0.5.12 | 182.00 | NOTE | |||
r-release-windows-x86_64 | 0.5.12 | 252.00 | 197.00 | 449.00 | OK | |
r-oldrel-macos-arm64 | 0.5.12 | 114.00 | NOTE | |||
r-oldrel-windows-x86_64 | 0.5.12 | 240.00 | 181.00 | 421.00 | OK |
Version: 0.5.12
Check: installed package size
Result: NOTE
installed size is 8.6Mb
sub-directories of 1Mb or more:
data 2.7Mb
libs 5.4Mb
Flavors: r-prerel-macos-arm64, r-release-macos-arm64, r-release-macos-x86_64, r-oldrel-macos-arm64