Last updated on 2024-03-29 07:54:48 CET.
Flavor | Version | Tinstall | Tcheck | Ttotal | Status | Flags |
---|---|---|---|---|---|---|
r-devel-linux-x86_64-debian-clang | 0.9-3 | 6.86 | 49.49 | 56.35 | NOTE | |
r-devel-linux-x86_64-debian-gcc | 0.9-3 | 5.05 | 37.48 | 42.53 | NOTE | |
r-devel-linux-x86_64-fedora-clang | 0.9-3 | 73.80 | NOTE | |||
r-devel-linux-x86_64-fedora-gcc | 0.9-3 | 68.93 | NOTE | |||
r-devel-windows-x86_64 | 0.9-3 | 7.00 | 70.00 | 77.00 | NOTE | |
r-patched-linux-x86_64 | 0.9-3 | 5.87 | 48.42 | 54.29 | NOTE | |
r-release-linux-x86_64 | 0.9-3 | 4.53 | 48.30 | 52.83 | NOTE | |
r-release-macos-arm64 | 0.9-3 | 27.00 | NOTE | |||
r-release-macos-x86_64 | 0.9-3 | 42.00 | NOTE | |||
r-release-windows-x86_64 | 0.9-3 | 9.00 | 80.00 | 89.00 | NOTE | |
r-oldrel-macos-arm64 | 0.9-3 | 24.00 | OK | |||
r-oldrel-windows-x86_64 | 0.9-3 | 9.00 | 83.00 | 92.00 | OK |
Version: 0.9-3
Check: Rd files
Result: NOTE
checkRd: (-1) Soybean.Rd:15: Escaped LaTeX specials: \#
checkRd: (-1) Soybean.Rd:33: Escaped LaTeX specials: \#
Flavors: r-devel-linux-x86_64-debian-clang, r-devel-linux-x86_64-debian-gcc, r-devel-linux-x86_64-fedora-clang, r-devel-linux-x86_64-fedora-gcc, r-devel-windows-x86_64, r-patched-linux-x86_64, r-release-linux-x86_64, r-release-macos-arm64, r-release-macos-x86_64, r-release-windows-x86_64