Last updated on 2023-06-08 08:55:26 CEST.
Flavor | Version | Tinstall | Tcheck | Ttotal | Status | Flags |
---|---|---|---|---|---|---|
r-devel-linux-x86_64-debian-clang | 1.3.7 | 50.46 | 209.56 | 260.02 | NOTE | |
r-devel-linux-x86_64-debian-gcc | 1.3.7 | 34.04 | 156.29 | 190.33 | NOTE | |
r-devel-linux-x86_64-fedora-clang | 1.3.7 | 328.17 | NOTE | |||
r-devel-linux-x86_64-fedora-gcc | 1.3.7 | 319.50 | NOTE | |||
r-devel-windows-x86_64 | 1.3.7 | 37.00 | 203.00 | 240.00 | OK | |
r-patched-linux-x86_64 | 1.3.7 | 30.44 | 195.72 | 226.16 | NOTE | |
r-release-linux-x86_64 | 1.3.7 | 28.78 | 199.29 | 228.07 | NOTE | |
r-release-macos-arm64 | 1.3.7 | 124.00 | OK | |||
r-release-macos-x86_64 | 1.3.7 | 187.00 | OK | |||
r-release-windows-x86_64 | 1.3.7 | 51.00 | 269.00 | 320.00 | OK | |
r-oldrel-macos-arm64 | 1.3.7 | 109.00 | OK | |||
r-oldrel-macos-x86_64 | 1.3.7 | 175.00 | OK | |||
r-oldrel-windows-x86_64 | 1.3.7 | 48.00 | 257.00 | 305.00 | OK |
Version: 1.3.7
Check: for non-standard things in the check directory
Result: NOTE
Found the following files/directories:
‘Data_Correlation.txt’ ‘correlation_FDR_table.txt’
Flavors: r-devel-linux-x86_64-debian-clang, r-devel-linux-x86_64-debian-gcc, r-devel-linux-x86_64-fedora-clang, r-devel-linux-x86_64-fedora-gcc, r-patched-linux-x86_64, r-release-linux-x86_64