CRAN Package Check Results for Package MCMCprecision

Last updated on 2023-05-29 08:55:03 CEST.

Flavor Version Tinstall Tcheck Ttotal Status Flags
r-devel-linux-x86_64-debian-clang 0.4.0 99.91 79.80 179.71 NOTE
r-devel-linux-x86_64-debian-gcc 0.4.0 77.85 63.80 141.65 NOTE
r-devel-linux-x86_64-fedora-clang 0.4.0 262.83 NOTE
r-devel-linux-x86_64-fedora-gcc 0.4.0 290.34 NOTE
r-devel-windows-x86_64 0.4.0 76.00 98.00 174.00 NOTE
r-patched-linux-x86_64 0.4.0 75.96 79.02 154.98 NOTE
r-release-linux-x86_64 0.4.0 87.98 79.60 167.58 NOTE
r-release-macos-arm64 0.4.0 81.00 NOTE
r-release-macos-x86_64 0.4.0 123.00 NOTE
r-release-windows-x86_64 0.4.0 98.00 124.00 222.00 NOTE
r-oldrel-macos-arm64 0.4.0 62.00 NOTE
r-oldrel-macos-x86_64 0.4.0 84.00 NOTE
r-oldrel-windows-x86_64 0.4.0 94.00 115.00 209.00 NOTE

Check Details

Version: 0.4.0
Check: C++ specification
Result: NOTE
     Specified C++11: please drop specification unless essential
Flavors: r-devel-linux-x86_64-debian-clang, r-devel-linux-x86_64-debian-gcc, r-devel-linux-x86_64-fedora-clang, r-devel-linux-x86_64-fedora-gcc, r-devel-windows-x86_64, r-patched-linux-x86_64, r-release-linux-x86_64, r-release-macos-arm64, r-release-macos-x86_64, r-release-windows-x86_64

Version: 0.4.0
Check: LazyData
Result: NOTE
     'LazyData' is specified without a 'data' directory
Flavors: r-devel-linux-x86_64-debian-clang, r-devel-linux-x86_64-debian-gcc, r-devel-linux-x86_64-fedora-clang, r-devel-linux-x86_64-fedora-gcc, r-devel-windows-x86_64, r-patched-linux-x86_64, r-release-linux-x86_64, r-release-macos-arm64, r-release-macos-x86_64, r-release-windows-x86_64, r-oldrel-macos-arm64, r-oldrel-macos-x86_64, r-oldrel-windows-x86_64

Version: 0.4.0
Check: Rd cross-references
Result: NOTE
    Undeclared package ‘coda’ in Rd xrefs
Flavor: r-devel-linux-x86_64-fedora-clang

Version: 0.4.0
Check: installed package size
Result: NOTE
     installed size is 17.2Mb
     sub-directories of 1Mb or more:
     libs 16.7Mb
Flavors: r-release-macos-arm64, r-release-macos-x86_64, r-oldrel-macos-arm64, r-oldrel-macos-x86_64